{"id":90,"date":"2012-07-04T22:57:40","date_gmt":"2012-07-05T01:57:40","guid":{"rendered":"http:\/\/etecia.com.br\/portaletecia\/?page_id=90"},"modified":"2012-07-04T22:57:40","modified_gmt":"2012-07-05T01:57:40","slug":"atendimento-aos-pais","status":"publish","type":"page","link":"https:\/\/etecia.com.br\/?page_id=90","title":{"rendered":"Atendimento aos Pais"},"content":{"rendered":"<p>Os pais\/respons\u00e1veis poder\u00e3o marcar reuni\u00f5es de esclarecimento sobre proposta pedag\u00f3gica, orienta\u00e7\u00f5es educacionais e acompanhamento do desempenho pedag\u00f3gico dos alunos. Para um atendimento individualizado, os pais devem agendar hor\u00e1rio com a dire\u00e7\u00e3o, coordena\u00e7\u00e3o e professores.<\/p>\n<p>Tamb\u00e9m \u00e9 poss\u00edvel realizar o agendamento via e-mail (contato@etecirmaagostina.com.br) ou mandando uma mensagem no sistema NSA.<\/p>\n<p>Os contatos na escola podem ser realizados atrav\u00e9s do telefone 5667-3971<\/p>\n<ul>\n<li>Beatriz Gianella, Orientadora Educacional, ramal 206<\/li>\n<li>Alvaro Mendes, Coordenador Pedag\u00f3gico, ramal 205<\/li>\n<li>Jo\u00e3o Carlos Lima, Diretor Acad\u00eamico &#8211; Secretaria, ramal 200<\/li>\n<\/ul>\n<p>&nbsp;<\/p>\n<p>&nbsp;<\/p>\n","protected":false},"excerpt":{"rendered":"<p>Os pais\/respons\u00e1veis poder\u00e3o marcar reuni\u00f5es de esclarecimento sobre proposta pedag\u00f3gica, orienta\u00e7\u00f5es educacionais e acompanhamento do desempenho pedag\u00f3gico dos alunos. Para um atendimento individualizado, os pais devem agendar hor\u00e1rio com a dire\u00e7\u00e3o, coordena\u00e7\u00e3o e professores. Tamb\u00e9m \u00e9 poss\u00edvel realizar o agendamento via e-mail (contato@etecirmaagostina.com.br) ou mandando uma mensagem no sistema NSA. Os contatos na escola podem&nbsp;&hellip;<\/p>\n","protected":false},"author":1,"featured_media":0,"parent":0,"menu_order":0,"comment_status":"closed","ping_status":"closed","template":"","meta":[],"_links":{"self":[{"href":"https:\/\/etecia.com.br\/index.php?rest_route=\/wp\/v2\/pages\/90"}],"collection":[{"href":"https:\/\/etecia.com.br\/index.php?rest_route=\/wp\/v2\/pages"}],"about":[{"href":"https:\/\/etecia.com.br\/index.php?rest_route=\/wp\/v2\/types\/page"}],"author":[{"embeddable":true,"href":"https:\/\/etecia.com.br\/index.php?rest_route=\/wp\/v2\/users\/1"}],"replies":[{"embeddable":true,"href":"https:\/\/etecia.com.br\/index.php?rest_route=%2Fwp%2Fv2%2Fcomments&post=90"}],"version-history":[{"count":0,"href":"https:\/\/etecia.com.br\/index.php?rest_route=\/wp\/v2\/pages\/90\/revisions"}],"wp:attachment":[{"href":"https:\/\/etecia.com.br\/index.php?rest_route=%2Fwp%2Fv2%2Fmedia&parent=90"}],"curies":[{"name":"wp","href":"https:\/\/api.w.org\/{rel}","templated":true}]}}