{"id":86,"date":"2012-07-04T22:56:49","date_gmt":"2012-07-05T01:56:49","guid":{"rendered":"http:\/\/etecia.com.br\/portaletecia\/?page_id=86"},"modified":"2012-07-04T22:56:49","modified_gmt":"2012-07-05T01:56:49","slug":"controle-de-frequencia","status":"publish","type":"page","link":"https:\/\/etecia.com.br\/?page_id=86","title":{"rendered":"Controle de Frequ\u00eancia"},"content":{"rendered":"<p>Para fins de promo\u00e7\u00e3o ou reten\u00e7\u00e3o, a frequ\u00eancia ter\u00e1 apura\u00e7\u00e3o independentemente do aproveitamento.<\/p>\n<p>Ser\u00e1 exigida a frequ\u00eancia m\u00ednima de 75% (setenta e cinco) do total de horas de efetivo trabalho escolar considerando o conjunto dos componentes curriculares.<\/p>\n<p>Alunos que estiverem com baixa frequ\u00eancia ser\u00e3o notificados mensalmente pela orientadora educacional. \u00c9 importante que o aluno acompanhe a frequ\u00eancia no sistema NSA.<\/p>\n","protected":false},"excerpt":{"rendered":"<p>Para fins de promo\u00e7\u00e3o ou reten\u00e7\u00e3o, a frequ\u00eancia ter\u00e1 apura\u00e7\u00e3o independentemente do aproveitamento. Ser\u00e1 exigida a frequ\u00eancia m\u00ednima de 75% (setenta e cinco) do total de horas de efetivo trabalho escolar considerando o conjunto dos componentes curriculares. Alunos que estiverem com baixa frequ\u00eancia ser\u00e3o notificados mensalmente pela orientadora educacional. \u00c9 importante que o aluno acompanhe&nbsp;&hellip;<\/p>\n","protected":false},"author":1,"featured_media":0,"parent":0,"menu_order":0,"comment_status":"closed","ping_status":"closed","template":"","meta":[],"_links":{"self":[{"href":"https:\/\/etecia.com.br\/index.php?rest_route=\/wp\/v2\/pages\/86"}],"collection":[{"href":"https:\/\/etecia.com.br\/index.php?rest_route=\/wp\/v2\/pages"}],"about":[{"href":"https:\/\/etecia.com.br\/index.php?rest_route=\/wp\/v2\/types\/page"}],"author":[{"embeddable":true,"href":"https:\/\/etecia.com.br\/index.php?rest_route=\/wp\/v2\/users\/1"}],"replies":[{"embeddable":true,"href":"https:\/\/etecia.com.br\/index.php?rest_route=%2Fwp%2Fv2%2Fcomments&post=86"}],"version-history":[{"count":0,"href":"https:\/\/etecia.com.br\/index.php?rest_route=\/wp\/v2\/pages\/86\/revisions"}],"wp:attachment":[{"href":"https:\/\/etecia.com.br\/index.php?rest_route=%2Fwp%2Fv2%2Fmedia&parent=86"}],"curies":[{"name":"wp","href":"https:\/\/api.w.org\/{rel}","templated":true}]}}

Controle de Frequência

<p>Para fins de promoção ou retenção, a frequência terá apuração independentemente do aproveitamento.</p>
<p>Será exigida a frequência mínima de 75% (setenta e cinco) do total de horas de efetivo trabalho escolar considerando o conjunto dos componentes curriculares.</p>
<p>Alunos que estiverem com baixa frequência serão notificados mensalmente pela orientadora educacional. É importante que o aluno acompanhe a frequência no sistema NSA.</p>

<p>Para fins de promoção ou retenção, a frequência terá apuração independentemente do aproveitamento. Será exigida a frequência mínima de 75% (setenta e cinco) do total de horas de efetivo trabalho escolar considerando o conjunto dos componentes curriculares. Alunos que estiverem com baixa frequência serão notificados mensalmente pela orientadora educacional. É importante que o aluno acompanhe&nbsp;&hellip;</p>
