{"id":84,"date":"2012-07-04T22:56:11","date_gmt":"2012-07-05T01:56:11","guid":{"rendered":"http:\/\/etecia.com.br\/portaletecia\/?page_id=84"},"modified":"2012-07-04T22:56:11","modified_gmt":"2012-07-05T01:56:11","slug":"retencao","status":"publish","type":"page","link":"https:\/\/etecia.com.br\/?page_id=84","title":{"rendered":"Reten\u00e7\u00e3o"},"content":{"rendered":"<p>Ser\u00e1 considerado retido na s\u00e9rie ou m\u00f3dulo, quanto \u00e0 frequ\u00eancia, o aluno com assiduidade inferior a 75% no conjunto dos componentes curriculares.<\/p>\n<p>Ser\u00e1 considerado retido na s\u00e9rie ou m\u00f3dulo, ap\u00f3s decis\u00e3o de conselho de classe, quanto ao rendimento, o aluno que tenha obtido men\u00e7\u00e3o I(Insatisfat\u00f3rio):<\/p>\n<p>1. Em mais de tr\u00eas componentes curriculares;<\/p>\n<p>2. Em at\u00e9 tr\u00eas componentes curriculares e n\u00e3o tenha sido considerado apto pelo Conselho de Classe a prosseguir estudos na s\u00e9rie ou m\u00f3dulo subsequente;<\/p>\n<p>3. Nas s\u00e9ries\/m\u00f3dulos finais em quaisquer componentes curriculares, inclu\u00eddos os de s\u00e9rie(s) ou m\u00f3dulo(s) anterior (es) cursados em regime de progress\u00e3o parcial.<\/p>\n","protected":false},"excerpt":{"rendered":"<p>Ser\u00e1 considerado retido na s\u00e9rie ou m\u00f3dulo, quanto \u00e0 frequ\u00eancia, o aluno com assiduidade inferior a 75% no conjunto dos componentes curriculares. Ser\u00e1 considerado retido na s\u00e9rie ou m\u00f3dulo, ap\u00f3s decis\u00e3o de conselho de classe, quanto ao rendimento, o aluno que tenha obtido men\u00e7\u00e3o I(Insatisfat\u00f3rio): 1. Em mais de tr\u00eas componentes curriculares; 2. Em at\u00e9&nbsp;&hellip;<\/p>\n","protected":false},"author":1,"featured_media":0,"parent":0,"menu_order":0,"comment_status":"closed","ping_status":"closed","template":"","meta":[],"_links":{"self":[{"href":"https:\/\/etecia.com.br\/index.php?rest_route=\/wp\/v2\/pages\/84"}],"collection":[{"href":"https:\/\/etecia.com.br\/index.php?rest_route=\/wp\/v2\/pages"}],"about":[{"href":"https:\/\/etecia.com.br\/index.php?rest_route=\/wp\/v2\/types\/page"}],"author":[{"embeddable":true,"href":"https:\/\/etecia.com.br\/index.php?rest_route=\/wp\/v2\/users\/1"}],"replies":[{"embeddable":true,"href":"https:\/\/etecia.com.br\/index.php?rest_route=%2Fwp%2Fv2%2Fcomments&post=84"}],"version-history":[{"count":0,"href":"https:\/\/etecia.com.br\/index.php?rest_route=\/wp\/v2\/pages\/84\/revisions"}],"wp:attachment":[{"href":"https:\/\/etecia.com.br\/index.php?rest_route=%2Fwp%2Fv2%2Fmedia&parent=84"}],"curies":[{"name":"wp","href":"https:\/\/api.w.org\/{rel}","templated":true}]}}