{"id":78,"date":"2012-07-04T22:54:48","date_gmt":"2012-07-05T01:54:48","guid":{"rendered":"http:\/\/etecia.com.br\/portaletecia\/?page_id=78"},"modified":"2012-07-04T22:54:48","modified_gmt":"2012-07-05T01:54:48","slug":"promocao","status":"publish","type":"page","link":"https:\/\/etecia.com.br\/?page_id=78","title":{"rendered":"Promo\u00e7\u00e3o"},"content":{"rendered":"<p>Ser\u00e1 considerado promovido no m\u00f3dulo ou s\u00e9rie o aluno que tenha obtido rendimento em todos os componentes curriculares e frequ\u00eancia m\u00ednima de 75% de horas de efetivo trabalho escolar, considerando o conjunto dos componentes curriculares.<\/p>\n","protected":false},"excerpt":{"rendered":"<p>Ser\u00e1 considerado promovido no m\u00f3dulo ou s\u00e9rie o aluno que tenha obtido rendimento em todos os componentes curriculares e frequ\u00eancia m\u00ednima de 75% de horas de efetivo trabalho escolar, considerando o conjunto dos componentes curriculares.<\/p>\n","protected":false},"author":1,"featured_media":0,"parent":0,"menu_order":0,"comment_status":"closed","ping_status":"closed","template":"","meta":[],"_links":{"self":[{"href":"https:\/\/etecia.com.br\/index.php?rest_route=\/wp\/v2\/pages\/78"}],"collection":[{"href":"https:\/\/etecia.com.br\/index.php?rest_route=\/wp\/v2\/pages"}],"about":[{"href":"https:\/\/etecia.com.br\/index.php?rest_route=\/wp\/v2\/types\/page"}],"author":[{"embeddable":true,"href":"https:\/\/etecia.com.br\/index.php?rest_route=\/wp\/v2\/users\/1"}],"replies":[{"embeddable":true,"href":"https:\/\/etecia.com.br\/index.php?rest_route=%2Fwp%2Fv2%2Fcomments&post=78"}],"version-history":[{"count":0,"href":"https:\/\/etecia.com.br\/index.php?rest_route=\/wp\/v2\/pages\/78\/revisions"}],"wp:attachment":[{"href":"https:\/\/etecia.com.br\/index.php?rest_route=%2Fwp%2Fv2%2Fmedia&parent=78"}],"curies":[{"name":"wp","href":"https:\/\/api.w.org\/{rel}","templated":true}]}}

Promoção

<p>Será considerado promovido no módulo ou série o aluno que tenha obtido rendimento em todos os componentes curriculares e frequência mínima de 75% de horas de efetivo trabalho escolar, considerando o conjunto dos componentes curriculares.</p>
