{"id":76,"date":"2012-07-04T22:54:20","date_gmt":"2012-07-05T01:54:20","guid":{"rendered":"http:\/\/etecia.com.br\/portaletecia\/?page_id=76"},"modified":"2020-01-15T13:53:11","modified_gmt":"2020-01-15T16:53:11","slug":"adventistas","status":"publish","type":"page","link":"https:\/\/etecia.com.br\/?page_id=76","title":{"rendered":"Guarda Religiosa"},"content":{"rendered":"<div class=\"gridContainer\">\n<p>Lei 12.142\/05, promulgada pela Assembleia Legislativa do Estado de S\u00e3o Paulo, publicada no DOE de 08\/12\/2005 &#8211; Assegura ao aluno matriculado nos estabelecimentos de ensino p\u00fablico ou privado, de ensino fundamental, m\u00e9dio ou superior a aplica\u00e7\u00e3o de provas em dias n\u00e3o coincidentes com o per\u00edodo de guarda religiosa e requerer, pelos mesmos motivos, em substitui\u00e7\u00e3o \u00e0 sua presen\u00e7a na sala de aula e para fins de obten\u00e7\u00e3o de frequ\u00eancia, alternativamente, a apresenta\u00e7\u00e3o de trabalho escrito ou qualquer outra atividade de pesquisa acad\u00eamica, determinados pelo estabelecimento de ensino, observados os par\u00e2metros curriculares e planos do dia de sua aus\u00eancia.<\/p>\n<\/div>\n\n<div class=\"gridContainer\">\n<p>O aluno dever\u00e1 frequentar em outro per\u00edodo ou em outros semestres componentes curriculares com carga hor\u00e1ria constitu\u00edda de atividades pr\u00e1ticas (oficina, laborat\u00f3rios) para o desenvolvimento de habilidades previstas no Plano de Curso.<\/p>\n<\/div>\n\n<div class=\"gridContainer\">\n<p>Os alunos adventistas devem solicitar condi\u00e7\u00f5es especiais de estudos na secretaria acad\u00eamica no in\u00edcio do per\u00edodo letivo, preenchendo o formul\u00e1rio de solicita\u00e7\u00e3o e entregando uma carta da igreja com firma reconhecida.<\/p>\n<\/div>","protected":false},"excerpt":{"rendered":"<p>Lei 12.142\/05, promulgada pela Assembleia Legislativa do Estado de S\u00e3o Paulo, publicada no DOE de 08\/12\/2005 &#8211; Assegura ao aluno matriculado nos estabelecimentos de ensino p\u00fablico ou privado, de ensino fundamental, m\u00e9dio ou superior a aplica\u00e7\u00e3o de provas em dias n\u00e3o coincidentes com o per\u00edodo de guarda religiosa e requerer, pelos mesmos motivos, em substitui\u00e7\u00e3o&nbsp;&hellip;<\/p>\n","protected":false},"author":1,"featured_media":0,"parent":0,"menu_order":0,"comment_status":"closed","ping_status":"closed","template":"","meta":[],"_links":{"self":[{"href":"https:\/\/etecia.com.br\/index.php?rest_route=\/wp\/v2\/pages\/76"}],"collection":[{"href":"https:\/\/etecia.com.br\/index.php?rest_route=\/wp\/v2\/pages"}],"about":[{"href":"https:\/\/etecia.com.br\/index.php?rest_route=\/wp\/v2\/types\/page"}],"author":[{"embeddable":true,"href":"https:\/\/etecia.com.br\/index.php?rest_route=\/wp\/v2\/users\/1"}],"replies":[{"embeddable":true,"href":"https:\/\/etecia.com.br\/index.php?rest_route=%2Fwp%2Fv2%2Fcomments&post=76"}],"version-history":[{"count":1,"href":"https:\/\/etecia.com.br\/index.php?rest_route=\/wp\/v2\/pages\/76\/revisions"}],"predecessor-version":[{"id":3678,"href":"https:\/\/etecia.com.br\/index.php?rest_route=\/wp\/v2\/pages\/76\/revisions\/3678"}],"wp:attachment":[{"href":"https:\/\/etecia.com.br\/index.php?rest_route=%2Fwp%2Fv2%2Fmedia&parent=76"}],"curies":[{"name":"wp","href":"https:\/\/api.w.org\/{rel}","templated":true}]}}

<div class="gridContainer">
<p>Lei 12.142/05, promulgada pela Assembleia Legislativa do Estado de São Paulo, publicada no DOE de 08/12/2005 &#8211; Assegura ao aluno matriculado nos estabelecimentos de ensino público ou privado, de ensino fundamental, médio ou superior a aplicação de provas em dias não coincidentes com o período de guarda religiosa e requerer, pelos mesmos motivos, em substituição à sua presença na sala de aula e para fins de obtenção de frequência, alternativamente, a apresentação de trabalho escrito ou qualquer outra atividade de pesquisa acadêmica, determinados pelo estabelecimento de ensino, observados os parâmetros curriculares e planos do dia de sua ausência.</p>
</div>

<div class="gridContainer">
<p>O aluno deverá frequentar em outro período ou em outros semestres componentes curriculares com carga horária constituída de atividades práticas (oficina, laboratórios) para o desenvolvimento de habilidades previstas no Plano de Curso.</p>
</div>

<div class="gridContainer">
<p>Os alunos adventistas devem solicitar condições especiais de estudos na secretaria acadêmica no início do período letivo, preenchendo o formulário de solicitação e entregando uma carta da igreja com firma reconhecida.</p>
</div>

<p>Lei 12.142/05, promulgada pela Assembleia Legislativa do Estado de São Paulo, publicada no DOE de 08/12/2005 &#8211; Assegura ao aluno matriculado nos estabelecimentos de ensino público ou privado, de ensino fundamental, médio ou superior a aplicação de provas em dias não coincidentes com o período de guarda religiosa e requerer, pelos mesmos motivos, em substituição&nbsp;&hellip;</p>
