{"id":588,"date":"2013-04-16T15:01:24","date_gmt":"2013-04-16T18:01:24","guid":{"rendered":"http:\/\/etecia.com.br\/portaletecia\/?page_id=588"},"modified":"2026-02-25T11:24:21","modified_gmt":"2026-02-25T14:24:21","slug":"calendarios","status":"publish","type":"page","link":"https:\/\/etecia.com.br\/?page_id=588","title":{"rendered":"Calend\u00e1rios 2026"},"content":{"rendered":"<div class=\"gridContainer\">\n<p>Os Calend\u00e1rios atualizados j\u00e1 est\u00e3o dispon\u00edveis para consulta.<\/p>\n<\/div>\n\n<div class=\"gridContainer\">\n<div class=\"wp-block-buttons\"><div class=\"gridContainer\">\n<div class=\"wp-block-button\"><a class=\"wp-block-button__link has-vivid-purple-background-color has-background\" href=\"http:\/\/etecia.com.br\/wp-content\/uploads\/2026\/02\/CE-2026-SEDE.pdf\" target=\"_blank\" rel=\"noreferrer noopener\">Calend\u00e1rio Sede &#8211; Irm\u00e3 Agostina<\/a><\/div>\n<\/div><\/div>\n<\/div>\n\n<div class=\"gridContainer\">\n<div class=\"wp-block-columns\"><div class=\"gridContainer\">\n<div class=\"wp-block-column\"><div class=\"gridContainer\">\n<div class=\"wp-block-buttons\"><div class=\"gridContainer\">\n<div class=\"wp-block-button\"><a class=\"wp-block-button__link\" href=\"http:\/\/etecia.com.br\/wp-content\/uploads\/2026\/02\/CEU-Vila-Rubi-2026.pdf\" target=\"_blank\" rel=\"noreferrer noopener\">Calend\u00e1rio &#8211; CEU Vila Rubi<\/a><\/div>\n<\/div><\/div>\n<\/div><\/div>\n<\/div><\/div>\n<\/div>\n\n<div class=\"gridContainer\">\n<div class=\"wp-block-buttons\"><div class=\"gridContainer\">\n<div class=\"wp-block-button\"><a class=\"wp-block-button__link\" href=\"http:\/\/etecia.com.br\/wp-content\/uploads\/2026\/02\/CEU-Cidade-Dutra-2026.pdf\" target=\"_blank\" rel=\"noreferrer noopener\">Calend\u00e1rio &#8211; CEU Cidade Dutra<\/a><\/div>\n<\/div><\/div>\n<\/div>\n\n<div class=\"gridContainer\">\n<div class=\"wp-block-buttons\"><div class=\"gridContainer\">\n<div class=\"wp-block-button\"><a class=\"wp-block-button__link\" href=\"http:\/\/etecia.com.br\/wp-content\/uploads\/2026\/02\/CEU-Silvio-Santos-2026.pdf\" target=\"_blank\" rel=\"noreferrer noopener\">Calend\u00e1rio &#8211; CEU Silvio Santos<\/a><\/div>\n<\/div><\/div>\n<\/div>\n\n<div class=\"gridContainer\">\n<div class=\"wp-block-buttons\"><div class=\"gridContainer\">\n<div class=\"wp-block-button\"><a class=\"wp-block-button__link\" href=\"http:\/\/etecia.com.br\/wp-content\/uploads\/2026\/02\/CE-2026-NAVEGANTES.pdf\" target=\"_blank\" rel=\"noreferrer noopener\">Calend\u00e1rio &#8211; CEU Navegantes<\/a><\/div>\n<\/div><\/div>\n<\/div>","protected":false},"excerpt":{"rendered":"<p>Os Calend\u00e1rios atualizados j\u00e1 est\u00e3o dispon\u00edveis para consulta.<\/p>\n","protected":false},"author":1,"featured_media":0,"parent":0,"menu_order":0,"comment_status":"closed","ping_status":"open","template":"","meta":[],"_links":{"self":[{"href":"https:\/\/etecia.com.br\/index.php?rest_route=\/wp\/v2\/pages\/588"}],"collection":[{"href":"https:\/\/etecia.com.br\/index.php?rest_route=\/wp\/v2\/pages"}],"about":[{"href":"https:\/\/etecia.com.br\/index.php?rest_route=\/wp\/v2\/types\/page"}],"author":[{"embeddable":true,"href":"https:\/\/etecia.com.br\/index.php?rest_route=\/wp\/v2\/users\/1"}],"replies":[{"embeddable":true,"href":"https:\/\/etecia.com.br\/index.php?rest_route=%2Fwp%2Fv2%2Fcomments&post=588"}],"version-history":[{"count":29,"href":"https:\/\/etecia.com.br\/index.php?rest_route=\/wp\/v2\/pages\/588\/revisions"}],"predecessor-version":[{"id":5452,"href":"https:\/\/etecia.com.br\/index.php?rest_route=\/wp\/v2\/pages\/588\/revisions\/5452"}],"wp:attachment":[{"href":"https:\/\/etecia.com.br\/index.php?rest_route=%2Fwp%2Fv2%2Fmedia&parent=588"}],"curies":[{"name":"wp","href":"https:\/\/api.w.org\/{rel}","templated":true}]}}

Calendários 2026

<div class="gridContainer">
<p>Os Calendários atualizados já estão disponíveis para consulta.</p>
</div>

<div class="gridContainer">
<div class="wp-block-buttons"><div class="gridContainer">
<div class="wp-block-button"><a class="wp-block-button__link has-vivid-purple-background-color has-background" href="http://etecia.com.br/wp-content/uploads/2026/02/CE-2026-SEDE.pdf" target="_blank" rel="noreferrer noopener">Calendário Sede &#8211; Irmã Agostina</a></div>
</div></div>
</div>

<div class="gridContainer">
<div class="wp-block-columns"><div class="gridContainer">
<div class="wp-block-column"><div class="gridContainer">
<div class="wp-block-buttons"><div class="gridContainer">
<div class="wp-block-button"><a class="wp-block-button__link" href="http://etecia.com.br/wp-content/uploads/2026/02/CEU-Vila-Rubi-2026.pdf" target="_blank" rel="noreferrer noopener">Calendário &#8211; CEU Vila Rubi</a></div>
</div></div>
</div></div>
</div></div>
</div>

<div class="gridContainer">
<div class="wp-block-buttons"><div class="gridContainer">
<div class="wp-block-button"><a class="wp-block-button__link" href="http://etecia.com.br/wp-content/uploads/2026/02/CEU-Cidade-Dutra-2026.pdf" target="_blank" rel="noreferrer noopener">Calendário &#8211; CEU Cidade Dutra</a></div>
</div></div>
</div>

<div class="gridContainer">
<div class="wp-block-buttons"><div class="gridContainer">
<div class="wp-block-button"><a class="wp-block-button__link" href="http://etecia.com.br/wp-content/uploads/2026/02/CEU-Silvio-Santos-2026.pdf" target="_blank" rel="noreferrer noopener">Calendário &#8211; CEU Silvio Santos</a></div>
</div></div>
</div>

<div class="gridContainer">
<div class="wp-block-buttons"><div class="gridContainer">
<div class="wp-block-button"><a class="wp-block-button__link" href="http://etecia.com.br/wp-content/uploads/2026/02/CE-2026-NAVEGANTES.pdf" target="_blank" rel="noreferrer noopener">Calendário &#8211; CEU Navegantes</a></div>
</div></div>
</div>

<p>Os Calendários atualizados já estão disponíveis para consulta.</p>
