{"id":53,"date":"2012-07-04T20:03:18","date_gmt":"2012-07-04T23:03:18","guid":{"rendered":"http:\/\/etecia.com.br\/portaletecia\/?page_id=53"},"modified":"2024-05-07T08:46:10","modified_gmt":"2024-05-07T11:46:10","slug":"direcao","status":"publish","type":"page","link":"https:\/\/etecia.com.br\/?page_id=53","title":{"rendered":"Equipe"},"content":{"rendered":"<div class=\"gridContainer\">\n<h2>Diretoria<\/h2>\n<\/div>\n\n<div class=\"gridContainer\">\n<ul><li>\u00c1lvaro Mendes da Rocha &#8211; Diretor da Unidade<\/li><li>Franklin Gutierrez &#8211; Diretor Administrativo<\/li><li>Ronaldo Leite &#8211; Diretor Acad\u00eamico<\/li><\/ul>\n<\/div>\n\n<div class=\"gridContainer\">\n<h2>Coordena\u00e7\u00e3o<\/h2>\n<\/div>\n\n<div class=\"gridContainer\">\n<ul><li>Elizabel Souza &#8211; Coordenadora Pedag\u00f3gica e Coordenadora de Administra\u00e7\u00e3o<\/li><li>Yoshio Isobe &#8211; Orientador Educacional<\/li><li>Adriano Barbosa &#8211; Gestor do CEU Cidade Dutra<\/li><li>Beatriz Gianella &#8211; Coordenadora do Ensino M\u00e9dio<\/li><li>F\u00e1bio Eduardo &#8211; Coordenador de Desenvolvimento de Sistemas<\/li><li>Carolina Galan &#8211; Coordenadora de Nutri\u00e7\u00e3o e Diet\u00e9tica<\/li><li>M\u00e1rcia Silva &#8211; Coordenadora de Qu\u00edmica<\/li><li>Ricardo Figueiredo &#8211; Coordenador de Marketing &#8211; CEU Vila Rubi<\/li><li>Camila Baldini &#8211; Coordenadora de Recursos Humanos &#8211; CEU Vila Rubi<\/li><li>Edvaldo Fernandes &#8211; Coordenador de Administra\u00e7\u00e3o &#8211; CEU Vila Rubi<\/li><li>Edilma Pedrosa &#8211; Coordenadora de Administra\u00e7\u00e3o &#8211; CEU Cidade Dutra<\/li><li>Juliana Aparecida &#8211; Coordenadora de Recursos Humanos &#8211; CEU Cidade Dutra<\/li><\/ul>\n<\/div>\n\n<div class=\"gridContainer\">\n<p><\/p>\n<\/div>\n\n<div class=\"gridContainer\">\n<p><\/p>\n<\/div>","protected":false},"excerpt":{"rendered":"<p>Diretoria \u00c1lvaro Mendes da Rocha &#8211; Diretor da Unidade Franklin Gutierrez &#8211; Diretor Administrativo Ronaldo Leite &#8211; Diretor Acad\u00eamico Coordena\u00e7\u00e3o Elizabel Souza &#8211; Coordenadora Pedag\u00f3gica e Coordenadora de Administra\u00e7\u00e3o Yoshio Isobe &#8211; Orientador Educacional Adriano Barbosa &#8211; Gestor do CEU Cidade Dutra Beatriz Gianella &#8211; Coordenadora do Ensino M\u00e9dio F\u00e1bio Eduardo &#8211; Coordenador de Desenvolvimento&nbsp;&hellip;<\/p>\n","protected":false},"author":1,"featured_media":0,"parent":0,"menu_order":0,"comment_status":"closed","ping_status":"closed","template":"","meta":[],"_links":{"self":[{"href":"https:\/\/etecia.com.br\/index.php?rest_route=\/wp\/v2\/pages\/53"}],"collection":[{"href":"https:\/\/etecia.com.br\/index.php?rest_route=\/wp\/v2\/pages"}],"about":[{"href":"https:\/\/etecia.com.br\/index.php?rest_route=\/wp\/v2\/types\/page"}],"author":[{"embeddable":true,"href":"https:\/\/etecia.com.br\/index.php?rest_route=\/wp\/v2\/users\/1"}],"replies":[{"embeddable":true,"href":"https:\/\/etecia.com.br\/index.php?rest_route=%2Fwp%2Fv2%2Fcomments&post=53"}],"version-history":[{"count":18,"href":"https:\/\/etecia.com.br\/index.php?rest_route=\/wp\/v2\/pages\/53\/revisions"}],"predecessor-version":[{"id":5350,"href":"https:\/\/etecia.com.br\/index.php?rest_route=\/wp\/v2\/pages\/53\/revisions\/5350"}],"wp:attachment":[{"href":"https:\/\/etecia.com.br\/index.php?rest_route=%2Fwp%2Fv2%2Fmedia&parent=53"}],"curies":[{"name":"wp","href":"https:\/\/api.w.org\/{rel}","templated":true}]}}

<div class="gridContainer">
<h2>Diretoria</h2>
</div>

<div class="gridContainer">
<ul><li>Álvaro Mendes da Rocha &#8211; Diretor da Unidade</li><li>Franklin Gutierrez &#8211; Diretor Administrativo</li><li>Ronaldo Leite &#8211; Diretor Acadêmico</li></ul>
</div>

<div class="gridContainer">
<h2>Coordenação</h2>
</div>

<div class="gridContainer">
<ul><li>Elizabel Souza &#8211; Coordenadora Pedagógica e Coordenadora de Administração</li><li>Yoshio Isobe &#8211; Orientador Educacional</li><li>Adriano Barbosa &#8211; Gestor do CEU Cidade Dutra</li><li>Beatriz Gianella &#8211; Coordenadora do Ensino Médio</li><li>Fábio Eduardo &#8211; Coordenador de Desenvolvimento de Sistemas</li><li>Carolina Galan &#8211; Coordenadora de Nutrição e Dietética</li><li>Márcia Silva &#8211; Coordenadora de Química</li><li>Ricardo Figueiredo &#8211; Coordenador de Marketing &#8211; CEU Vila Rubi</li><li>Camila Baldini &#8211; Coordenadora de Recursos Humanos &#8211; CEU Vila Rubi</li><li>Edvaldo Fernandes &#8211; Coordenador de Administração &#8211; CEU Vila Rubi</li><li>Edilma Pedrosa &#8211; Coordenadora de Administração &#8211; CEU Cidade Dutra</li><li>Juliana Aparecida &#8211; Coordenadora de Recursos Humanos &#8211; CEU Cidade Dutra</li></ul>
</div>

<div class="gridContainer">
<p></p>
</div>

<div class="gridContainer">
<p></p>
</div>

<p>Diretoria Álvaro Mendes da Rocha &#8211; Diretor da Unidade Franklin Gutierrez &#8211; Diretor Administrativo Ronaldo Leite &#8211; Diretor Acadêmico Coordenação Elizabel Souza &#8211; Coordenadora Pedagógica e Coordenadora de Administração Yoshio Isobe &#8211; Orientador Educacional Adriano Barbosa &#8211; Gestor do CEU Cidade Dutra Beatriz Gianella &#8211; Coordenadora do Ensino Médio Fábio Eduardo &#8211; Coordenador de Desenvolvimento&nbsp;&hellip;</p>
