{"id":4929,"date":"2021-06-30T21:08:33","date_gmt":"2021-07-01T00:08:33","guid":{"rendered":"http:\/\/etecirmaagostina.com.br\/?page_id=4929"},"modified":"2021-06-30T21:16:36","modified_gmt":"2021-07-01T00:16:36","slug":"clipping","status":"publish","type":"page","link":"https:\/\/etecia.com.br\/?page_id=4929","title":{"rendered":"Clipping"},"content":{"rendered":"\t\t<div data-elementor-type=\"wp-page\" data-elementor-id=\"4929\" class=\"elementor elementor-4929\" data-elementor-settings=\"[]\">\n\t\t\t\t\t\t\t<div class=\"elementor-section-wrap\">\n\t\t\t\t\t\t\t<section class=\"elementor-section elementor-top-section elementor-element elementor-element-a2503f7 elementor-section-boxed elementor-section-height-default elementor-section-height-default\" data-id=\"a2503f7\" data-element_type=\"section\">\n\t\t\t\t\t\t<div class=\"elementor-container elementor-column-gap-default\">\n\t\t\t\t\t<div class=\"elementor-column elementor-col-100 elementor-top-column elementor-element elementor-element-329c9a4\" data-id=\"329c9a4\" data-element_type=\"column\">\n\t\t\t<div class=\"elementor-widget-wrap elementor-element-populated\">\n\t\t\t\t\t\t\t\t<div class=\"elementor-element elementor-element-e1f06ce elementor-widget elementor-widget-text-editor\" data-id=\"e1f06ce\" data-element_type=\"widget\" data-widget_type=\"text-editor.default\">\n\t\t\t\t<div class=\"elementor-widget-container\">\n\t\t\t\t\t\t\t<p>\u00a0 \u00a0 \u00a0 \u00a0 \u00a0 Aqui est\u00e3o selecionados os links para as mat\u00e9rias envolvendo alunos, ex-alunos, professores e eventos do curso T\u00e9cnico em Qu\u00edmica em ordem cronol\u00f3gica de divulga\u00e7\u00e3o (do mais recente para o mais antigo).<\/p>\t\t\t\t\t\t<\/div>\n\t\t\t\t<\/div>\n\t\t\t\t\t<\/div>\n\t\t<\/div>\n\t\t\t\t\t\t\t<\/div>\n\t\t<\/section>\n\t\t\t\t<section class=\"elementor-section elementor-top-section elementor-element elementor-element-c84124e elementor-section-boxed elementor-section-height-default elementor-section-height-default\" data-id=\"c84124e\" data-element_type=\"section\">\n\t\t\t\t\t\t<div class=\"elementor-container elementor-column-gap-default\">\n\t\t\t\t\t<div class=\"elementor-column elementor-col-100 elementor-top-column elementor-element elementor-element-46727bf\" data-id=\"46727bf\" data-element_type=\"column\">\n\t\t\t<div class=\"elementor-widget-wrap elementor-element-populated\">\n\t\t\t\t\t\t\t\t<div class=\"elementor-element elementor-element-b3d44e7 elementor-widget elementor-widget-text-editor\" data-id=\"b3d44e7\" data-element_type=\"widget\" data-widget_type=\"text-editor.default\">\n\t\t\t\t<div class=\"elementor-widget-container\">\n\t\t\t\t\t\t\t<p><a href=\"https:\/\/noticias.r7.com\/educacao\/estudantes-de-escola-publica-contam-como-e-estudar-na-usp-21062021\" target=\"_blank\" rel=\"noopener\">Portal R7: Estudantes de escola p\u00fablica contam como \u00e9 estudar na USP<\/a><\/p><p><a href=\"https:\/\/www.cps.sp.gov.br\/etecs-classificam-13-redacoes-para-a-olimpiada-de-quimica-de-sp\/?fbclid=IwAR0pzIYsfJiZx2HxQzs1_ynhxOf1vzsUAujcpQIH5P9QU3NPdaVdbeg0sfQ\" target=\"_blank\" rel=\"noopener\">CPS: Etecs classificam 13 reda\u00e7\u00f5es para a Olimp\u00edada de Qu\u00edmica<\/a><\/p><p><a href=\"http:\/\/abes-dn.org.br\/?p=41555&amp;fbclid=IwAR1abiEKd9TzyYyJn2-kHNBfM6tJUMtneVdnRAbKB9cIN3b3TQ4WOjFQLGY\" target=\"_blank\" rel=\"noopener\">ABES: Pr\u00eamio Jovem da \u00c1gua de Estocolmo 2021: finalistas Sibelle e Yasmim t\u00eam sonho de ingressar em universidade p\u00fablica<\/a><\/p><p><a href=\"https:\/\/www.saopaulo.sp.gov.br\/spnoticias\/orgaos-governamentais\/etecs\/etecs-aprovam-mais-de-2-mil-alunos-em-universidades-publicas\/\" target=\"_blank\" rel=\"noopener\">Governo de SP: Etecs aprovam mais de 2 mil alunos em universidades p\u00fablicas<\/a><\/p><p><a href=\"https:\/\/g1.globo.com\/educacao\/noticia\/2021\/03\/23\/ex-aluna-da-rede-publica-passa-na-fuvest-em-medicina-e-diz-que-pandemia-deu-mais-coragem-e-mais-certeza-da-carreira-escolhida.ghtml\" target=\"_blank\" rel=\"noopener\">Portal G1: Ex-aluna da rede p\u00fablica passa na Fuvest em medicina e diz que pandemia deu \u2018mais coragem e mais certeza\u2019 da carreira escolhida<\/a><\/p><p><a href=\"https:\/\/www.saopaulo.sp.gov.br\/spnoticias\/orgaos-governamentais\/etecs\/febrace-virtual-comeca-nesta-segunda-feira-com-participacao-de-13-etecs\/\" target=\"_blank\" rel=\"noopener\">Governo de SP: Febrace virtual come\u00e7a nesta segunda-feira com participa\u00e7\u00e3o de 13 Etecs<\/a><\/p><p><a href=\"https:\/\/noticias.r7.com\/educacao\/estudantes-transformam-oleo-de-cozinha-usado-em-biodiesel-06092020\" target=\"_blank\" rel=\"noopener\">Portal R7: Estudantes transformam \u00f3leo de cozinha usado em biodiesel<\/a><\/p><p><a href=\"https:\/\/www.abcdoabc.com.br\/abc\/noticia\/etec-irma-agostina-vence-premio-crq-iv-projeto-biodiesel-107300\" target=\"_blank\" rel=\"noopener\">ABC do ABC: Etec Irm\u00e3 Agostina vence o pr\u00eamio CRQ-IV com projeto de biodiesel<\/a><\/p><p><a href=\"https:\/\/www.cps.sp.gov.br\/etec-irma-agostina-vence-o-premio-crq-iv-com-projeto-de-biodiesel\/\" target=\"_blank\" rel=\"noopener\">CPS: Etec Irm\u00e3 Agostina vence Pr\u00eamio CRQ-IV com biodiesel<\/a><\/p><p><a href=\"https:\/\/www.crq4.org.br\/default.php?p=informativo_mat.php&amp;id=1592&amp;fbclid=IwAR25TMPQuM4zNTMVq2JlK8sJdWCAzcQHcyJ0W2D1Ojnzd7P28GreLqbamBc\" target=\"_blank\" rel=\"noopener\">CRQ-IV: Estudantes &#8211; Anunciados os vencedores da edi\u00e7\u00e3o 2020<\/a><\/p><p><a href=\"https:\/\/www.cps.sp.gov.br\/etec-irma-agostina-vence-feira-brasileira-do-jovem-cientista\/\" target=\"_blank\" rel=\"noopener\">CPS: Etec Irm\u00e3 Agostina vence Feira Brasileira do Jovem Cientista<\/a><\/p><p><a href=\"https:\/\/razoesparaacreditar.com\/estudantes-brasileiros-rede-publica-premiacao\/\" target=\"_blank\" rel=\"noopener\">Raz\u00f5es para Acreditar: Estudantes brasileiros da rede p\u00fablica concorrem \u00e0 premia\u00e7\u00e3o na Su\u00e9cia<\/a><\/p><p><a href=\"https:\/\/www.hypeness.com.br\/2020\/06\/alunos-da-rede-publica-de-sp-concorrem-a-premiacao-na-suecia\/\" target=\"_blank\" rel=\"noopener\">Hypeness: Alunos da rede p\u00fablica de SP concorrem a premia\u00e7\u00e3o na Su\u00e9cia<\/a><\/p><p><a href=\"https:\/\/g1.globo.com\/sp\/sao-paulo\/noticia\/2020\/06\/10\/projeto-sustentavel-de-alunos-da-rede-publica-de-sao-paulo-se-classifica-para-final-de-premiacao-internacional-na-suecia.ghtml?fbclid=IwAR028M7NcPibKbWl1chLiUUC_YKQgexg9vsTO1RzQvV9KX0i9_9AgAtaFm8\" target=\"_blank\" rel=\"noopener\">Portal G1: Projeto sustent\u00e1vel de alunos da rede p\u00fablica de S\u00e3o Paulo se classifica para final de premia\u00e7\u00e3o internacional na Su\u00e9cia<\/a><\/p><p><a href=\"https:\/\/www.cps.sp.gov.br\/etec-vence-final-nacional-do-premio-jovem-da-agua-de-estocolmo\/\" target=\"_blank\" rel=\"noopener\">CPS: Etec vence final nacional do Pr\u00eamio Jovem da \u00c1gua<\/a><\/p><p><a href=\"https:\/\/www.saopaulo.sp.gov.br\/spnoticias\/alunos-da-etec-irma-agostina-conquistam-premio-com-projeto-de-biodiesel\/\" target=\"_blank\" rel=\"noopener\">Governo de SP: Alunos da Etec Irm\u00e3 Agostina conquistam pr\u00eamio com projeto de biodiesel<\/a><\/p><p><a href=\"http:\/\/abes-dn.org.br\/?p=34888&amp;fbclid=IwAR0hO5-uQ7PAiOdZg2cYl6klECp4mEj_0-xo9m8oHVKBCvVl94vMETLrekM\" target=\"_blank\" rel=\"noopener\">ABES: Estudantes comentam expectativas para a Final Nacional do Pr\u00eamio Jovem da \u00c1gua de Estocolmo<\/a><\/p><p><a href=\"https:\/\/www.cps.sp.gov.br\/etecs-disputam-final-nacional-do-premio-jovem-da-agua-de-estocolmo\/\" target=\"_blank\" rel=\"noopener\">CPS: Etecs disputam Final do Pr\u00eamio Jovem da \u00c1gua de Estocolmo<\/a><\/p><p><a href=\"http:\/\/abes-dn.org.br\/?p=34350\" target=\"_blank\" rel=\"noopener\">ABES: Pr\u00eamio Jovem da \u00c1gua de Estocolmo: o importante papel dos orientadores na trajet\u00f3ria dos participantes<\/a><\/p><p><a href=\"https:\/\/www.crq4.org.br\/informativomat_1568\" target=\"_blank\" rel=\"noopener\" class=\"broken_link\">CRQ-IV: Selo de Qualidade &#8211; Escola T\u00e9cnica Irm\u00e3 Agostina, da Capital, tem cursos recertificados<\/a><\/p><p><a href=\"https:\/\/www.saopaulo.sp.gov.br\/noticias-coronavirus\/etecs-destacam-se-na-18a-febrace-com-projetos-criativos-e-inovadores\/\" target=\"_blank\" rel=\"noopener\">Governo de SP: Etecs destacam-se na 18\u00aa Febrace com projetos criativos e inovadores<\/a><\/p><p><a href=\"https:\/\/www.cps.sp.gov.br\/etecs-destacam-se-na-18a-febrace-com-projetos-criativos-e-inovadores\/\" target=\"_blank\" rel=\"noopener\">CPS: Projetos inovadores de Etecs s\u00e3o destaque na 18\u00aa Febrace<\/a><\/p><p><a href=\"https:\/\/www.cps.sp.gov.br\/febrace-virtual-comeca-segunda-23-com-doze-projetos-de-etecs\/\" target=\"_blank\" rel=\"noopener\">CPS: Febrace estreia formato virtual e apresenta 12 projetos de Etecs<\/a><\/p><p><a href=\"https:\/\/fundacaotelefonicavivo.org.br\/noticias\/educadores-apostam-no-empreendedorismo-social-em-sala-de-aula-para-engajar-jovens\/\" target=\"_blank\" rel=\"noopener\">Funda\u00e7\u00e3o Telef\u00f4nica Vivo: Educadores apostam no empreendedorismo social em sala de aula para engajar jovens<\/a><\/p><p><a href=\"https:\/\/www.educacao.sp.gov.br\/estudantes-de-sao-paulo-sao-medalhistas-de-ouro-na-obmep\/\" target=\"_blank\" rel=\"noopener\">Governo de SP: Estudantes de S\u00e3o Paulo conquistam mais de 1.000 medalhas na OBMEP<\/a><\/p><p><a href=\"https:\/\/www.cps.sp.gov.br\/estudantes-de-etec-vencem-premio-jovem-da-agua-de-estocolmo\/\" target=\"_blank\" rel=\"noopener\">CPS: Alunos de Etec vencem Pr\u00eamio Jovem da \u00c1gua de Estocolmo<\/a><\/p><p><a href=\"https:\/\/www.saopaulo.sp.gov.br\/spnoticias\/projetos-de-etecs-conquistam-15-premios-na-17a-edicao-da-febrace\/\" target=\"_blank\" rel=\"noopener\">Governo de SP: Projetos de Etecs conquistam 15 pr\u00eamios na 17\u00aa edi\u00e7\u00e3o da Febrace<\/a><\/p><p><a href=\"https:\/\/www.saopaulo.sp.gov.br\/spnoticias\/mais-de-60-estudantes-de-etecs-levam-medalhas-na-14a-obmep\/\" target=\"_blank\" rel=\"noopener\">Governo de SP: Mais de 60 estudantes de Etecs ganham medalhas na 14\u00aa Obmep<\/a><\/p><p><a href=\"http:\/\/www.sindiplast.org.br\/sem-categoria\/abiplast-e-sindiplast-realizam-palestra-em-etec\/\" target=\"_blank\" rel=\"noopener\">Sindiplast: Abiplast e Sindiplast realizam palestra em Etec<\/a><\/p><p><a href=\"https:\/\/www.cps.sp.gov.br\/alunos-de-18-etecs-apresentam-projetos-cientificos-na-15a-edicao-febrace\/\" target=\"_blank\" rel=\"noopener\">CPS: Alunos de 18 Etecs apresentam projetos cient\u00edficos na 15\u00aa edi\u00e7\u00e3o Febrace<\/a><\/p><p><a href=\"https:\/\/www.crq4.org.br\/default.php?p=informativo_mat.php&amp;id=1345\" target=\"_blank\" rel=\"noopener\" class=\"broken_link\">CRQ-IV: Cursos da Etec Irm\u00e3 Agostina ganham Selo de Qualidade<\/a><\/p>\t\t\t\t\t\t<\/div>\n\t\t\t\t<\/div>\n\t\t\t\t\t<\/div>\n\t\t<\/div>\n\t\t\t\t\t\t\t<\/div>\n\t\t<\/section>\n\t\t\t\t\t\t<\/div>\n\t\t\t\t\t<\/div>\n\t\t","protected":false},"excerpt":{"rendered":"<p>\u00a0 \u00a0 \u00a0 \u00a0 \u00a0 Aqui est\u00e3o selecionados os links para as mat\u00e9rias envolvendo alunos, ex-alunos, professores e eventos do curso T\u00e9cnico em Qu\u00edmica em ordem cronol\u00f3gica de divulga\u00e7\u00e3o (do mais recente para o mais antigo). Portal R7: Estudantes de escola p\u00fablica contam como \u00e9 estudar na USP CPS: Etecs classificam 13 reda\u00e7\u00f5es para a&nbsp;&hellip;<\/p>\n","protected":false},"author":5,"featured_media":4930,"parent":3551,"menu_order":0,"comment_status":"closed","ping_status":"closed","template":"","meta":[],"_links":{"self":[{"href":"https:\/\/etecia.com.br\/index.php?rest_route=\/wp\/v2\/pages\/4929"}],"collection":[{"href":"https:\/\/etecia.com.br\/index.php?rest_route=\/wp\/v2\/pages"}],"about":[{"href":"https:\/\/etecia.com.br\/index.php?rest_route=\/wp\/v2\/types\/page"}],"author":[{"embeddable":true,"href":"https:\/\/etecia.com.br\/index.php?rest_route=\/wp\/v2\/users\/5"}],"replies":[{"embeddable":true,"href":"https:\/\/etecia.com.br\/index.php?rest_route=%2Fwp%2Fv2%2Fcomments&post=4929"}],"version-history":[{"count":4,"href":"https:\/\/etecia.com.br\/index.php?rest_route=\/wp\/v2\/pages\/4929\/revisions"}],"predecessor-version":[{"id":4934,"href":"https:\/\/etecia.com.br\/index.php?rest_route=\/wp\/v2\/pages\/4929\/revisions\/4934"}],"up":[{"embeddable":true,"href":"https:\/\/etecia.com.br\/index.php?rest_route=\/wp\/v2\/pages\/3551"}],"wp:featuredmedia":[{"embeddable":true,"href":"https:\/\/etecia.com.br\/index.php?rest_route=\/wp\/v2\/media\/4930"}],"wp:attachment":[{"href":"https:\/\/etecia.com.br\/index.php?rest_route=%2Fwp%2Fv2%2Fmedia&parent=4929"}],"curies":[{"name":"wp","href":"https:\/\/api.w.org\/{rel}","templated":true}]}}

<div data-elementor-type="wp-page" data-elementor-id="4929" class="elementor elementor-4929" data-elementor-settings="[]">
							<div class="elementor-section-wrap">
							<section class="elementor-section elementor-top-section elementor-element elementor-element-a2503f7 elementor-section-boxed elementor-section-height-default elementor-section-height-default" data-id="a2503f7" data-element_type="section">
						<div class="elementor-container elementor-column-gap-default">
					<div class="elementor-column elementor-col-100 elementor-top-column elementor-element elementor-element-329c9a4" data-id="329c9a4" data-element_type="column">
			<div class="elementor-widget-wrap elementor-element-populated">
								<div class="elementor-element elementor-element-e1f06ce elementor-widget elementor-widget-text-editor" data-id="e1f06ce" data-element_type="widget" data-widget_type="text-editor.default">
				<div class="elementor-widget-container">
							<p>          Aqui estão selecionados os links para as matérias envolvendo alunos, ex-alunos, professores e eventos do curso Técnico em Química em ordem cronológica de divulgação (do mais recente para o mais antigo).</p>						</div>
				</div>
					</div>
		</div>
							</div>
		</section>
				<section class="elementor-section elementor-top-section elementor-element elementor-element-c84124e elementor-section-boxed elementor-section-height-default elementor-section-height-default" data-id="c84124e" data-element_type="section">
						<div class="elementor-container elementor-column-gap-default">
					<div class="elementor-column elementor-col-100 elementor-top-column elementor-element elementor-element-46727bf" data-id="46727bf" data-element_type="column">
			<div class="elementor-widget-wrap elementor-element-populated">
								<div class="elementor-element elementor-element-b3d44e7 elementor-widget elementor-widget-text-editor" data-id="b3d44e7" data-element_type="widget" data-widget_type="text-editor.default">
				<div class="elementor-widget-container">
							<p><a href="https://noticias.r7.com/educacao/estudantes-de-escola-publica-contam-como-e-estudar-na-usp-21062021" target="_blank" rel="noopener">Portal R7: Estudantes de escola pública contam como é estudar na USP</a></p><p><a href="https://www.cps.sp.gov.br/etecs-classificam-13-redacoes-para-a-olimpiada-de-quimica-de-sp/?fbclid=IwAR0pzIYsfJiZx2HxQzs1_ynhxOf1vzsUAujcpQIH5P9QU3NPdaVdbeg0sfQ" target="_blank" rel="noopener">CPS: Etecs classificam 13 redações para a Olimpíada de Química</a></p><p><a href="http://abes-dn.org.br/?p=41555&amp;fbclid=IwAR1abiEKd9TzyYyJn2-kHNBfM6tJUMtneVdnRAbKB9cIN3b3TQ4WOjFQLGY" target="_blank" rel="noopener">ABES: Prêmio Jovem da Água de Estocolmo 2021: finalistas Sibelle e Yasmim têm sonho de ingressar em universidade pública</a></p><p><a href="https://www.saopaulo.sp.gov.br/spnoticias/orgaos-governamentais/etecs/etecs-aprovam-mais-de-2-mil-alunos-em-universidades-publicas/" target="_blank" rel="noopener">Governo de SP: Etecs aprovam mais de 2 mil alunos em universidades públicas</a></p><p><a href="https://g1.globo.com/educacao/noticia/2021/03/23/ex-aluna-da-rede-publica-passa-na-fuvest-em-medicina-e-diz-que-pandemia-deu-mais-coragem-e-mais-certeza-da-carreira-escolhida.ghtml" target="_blank" rel="noopener">Portal G1: Ex-aluna da rede pública passa na Fuvest em medicina e diz que pandemia deu ‘mais coragem e mais certeza’ da carreira escolhida</a></p><p><a href="https://www.saopaulo.sp.gov.br/spnoticias/orgaos-governamentais/etecs/febrace-virtual-comeca-nesta-segunda-feira-com-participacao-de-13-etecs/" target="_blank" rel="noopener">Governo de SP: Febrace virtual começa nesta segunda-feira com participação de 13 Etecs</a></p><p><a href="https://noticias.r7.com/educacao/estudantes-transformam-oleo-de-cozinha-usado-em-biodiesel-06092020" target="_blank" rel="noopener">Portal R7: Estudantes transformam óleo de cozinha usado em biodiesel</a></p><p><a href="https://www.abcdoabc.com.br/abc/noticia/etec-irma-agostina-vence-premio-crq-iv-projeto-biodiesel-107300" target="_blank" rel="noopener">ABC do ABC: Etec Irmã Agostina vence o prêmio CRQ-IV com projeto de biodiesel</a></p><p><a href="https://www.cps.sp.gov.br/etec-irma-agostina-vence-o-premio-crq-iv-com-projeto-de-biodiesel/" target="_blank" rel="noopener">CPS: Etec Irmã Agostina vence Prêmio CRQ-IV com biodiesel</a></p><p><a href="https://www.crq4.org.br/default.php?p=informativo_mat.php&amp;id=1592&amp;fbclid=IwAR25TMPQuM4zNTMVq2JlK8sJdWCAzcQHcyJ0W2D1Ojnzd7P28GreLqbamBc" target="_blank" rel="noopener">CRQ-IV: Estudantes &#8211; Anunciados os vencedores da edição 2020</a></p><p><a href="https://www.cps.sp.gov.br/etec-irma-agostina-vence-feira-brasileira-do-jovem-cientista/" target="_blank" rel="noopener">CPS: Etec Irmã Agostina vence Feira Brasileira do Jovem Cientista</a></p><p><a href="https://razoesparaacreditar.com/estudantes-brasileiros-rede-publica-premiacao/" target="_blank" rel="noopener">Razões para Acreditar: Estudantes brasileiros da rede pública concorrem à premiação na Suécia</a></p><p><a href="https://www.hypeness.com.br/2020/06/alunos-da-rede-publica-de-sp-concorrem-a-premiacao-na-suecia/" target="_blank" rel="noopener">Hypeness: Alunos da rede pública de SP concorrem a premiação na Suécia</a></p><p><a href="https://g1.globo.com/sp/sao-paulo/noticia/2020/06/10/projeto-sustentavel-de-alunos-da-rede-publica-de-sao-paulo-se-classifica-para-final-de-premiacao-internacional-na-suecia.ghtml?fbclid=IwAR028M7NcPibKbWl1chLiUUC_YKQgexg9vsTO1RzQvV9KX0i9_9AgAtaFm8" target="_blank" rel="noopener">Portal G1: Projeto sustentável de alunos da rede pública de São Paulo se classifica para final de premiação internacional na Suécia</a></p><p><a href="https://www.cps.sp.gov.br/etec-vence-final-nacional-do-premio-jovem-da-agua-de-estocolmo/" target="_blank" rel="noopener">CPS: Etec vence final nacional do Prêmio Jovem da Água</a></p><p><a href="https://www.saopaulo.sp.gov.br/spnoticias/alunos-da-etec-irma-agostina-conquistam-premio-com-projeto-de-biodiesel/" target="_blank" rel="noopener">Governo de SP: Alunos da Etec Irmã Agostina conquistam prêmio com projeto de biodiesel</a></p><p><a href="http://abes-dn.org.br/?p=34888&amp;fbclid=IwAR0hO5-uQ7PAiOdZg2cYl6klECp4mEj_0-xo9m8oHVKBCvVl94vMETLrekM" target="_blank" rel="noopener">ABES: Estudantes comentam expectativas para a Final Nacional do Prêmio Jovem da Água de Estocolmo</a></p><p><a href="https://www.cps.sp.gov.br/etecs-disputam-final-nacional-do-premio-jovem-da-agua-de-estocolmo/" target="_blank" rel="noopener">CPS: Etecs disputam Final do Prêmio Jovem da Água de Estocolmo</a></p><p><a href="http://abes-dn.org.br/?p=34350" target="_blank" rel="noopener">ABES: Prêmio Jovem da Água de Estocolmo: o importante papel dos orientadores na trajetória dos participantes</a></p><p><a href="https://www.crq4.org.br/informativomat_1568" target="_blank" rel="noopener" class="broken_link">CRQ-IV: Selo de Qualidade &#8211; Escola Técnica Irmã Agostina, da Capital, tem cursos recertificados</a></p><p><a href="https://www.saopaulo.sp.gov.br/noticias-coronavirus/etecs-destacam-se-na-18a-febrace-com-projetos-criativos-e-inovadores/" target="_blank" rel="noopener">Governo de SP: Etecs destacam-se na 18ª Febrace com projetos criativos e inovadores</a></p><p><a href="https://www.cps.sp.gov.br/etecs-destacam-se-na-18a-febrace-com-projetos-criativos-e-inovadores/" target="_blank" rel="noopener">CPS: Projetos inovadores de Etecs são destaque na 18ª Febrace</a></p><p><a href="https://www.cps.sp.gov.br/febrace-virtual-comeca-segunda-23-com-doze-projetos-de-etecs/" target="_blank" rel="noopener">CPS: Febrace estreia formato virtual e apresenta 12 projetos de Etecs</a></p><p><a href="https://fundacaotelefonicavivo.org.br/noticias/educadores-apostam-no-empreendedorismo-social-em-sala-de-aula-para-engajar-jovens/" target="_blank" rel="noopener">Fundação Telefônica Vivo: Educadores apostam no empreendedorismo social em sala de aula para engajar jovens</a></p><p><a href="https://www.educacao.sp.gov.br/estudantes-de-sao-paulo-sao-medalhistas-de-ouro-na-obmep/" target="_blank" rel="noopener">Governo de SP: Estudantes de São Paulo conquistam mais de 1.000 medalhas na OBMEP</a></p><p><a href="https://www.cps.sp.gov.br/estudantes-de-etec-vencem-premio-jovem-da-agua-de-estocolmo/" target="_blank" rel="noopener">CPS: Alunos de Etec vencem Prêmio Jovem da Água de Estocolmo</a></p><p><a href="https://www.saopaulo.sp.gov.br/spnoticias/projetos-de-etecs-conquistam-15-premios-na-17a-edicao-da-febrace/" target="_blank" rel="noopener">Governo de SP: Projetos de Etecs conquistam 15 prêmios na 17ª edição da Febrace</a></p><p><a href="https://www.saopaulo.sp.gov.br/spnoticias/mais-de-60-estudantes-de-etecs-levam-medalhas-na-14a-obmep/" target="_blank" rel="noopener">Governo de SP: Mais de 60 estudantes de Etecs ganham medalhas na 14ª Obmep</a></p><p><a href="http://www.sindiplast.org.br/sem-categoria/abiplast-e-sindiplast-realizam-palestra-em-etec/" target="_blank" rel="noopener">Sindiplast: Abiplast e Sindiplast realizam palestra em Etec</a></p><p><a href="https://www.cps.sp.gov.br/alunos-de-18-etecs-apresentam-projetos-cientificos-na-15a-edicao-febrace/" target="_blank" rel="noopener">CPS: Alunos de 18 Etecs apresentam projetos científicos na 15ª edição Febrace</a></p><p><a href="https://www.crq4.org.br/default.php?p=informativo_mat.php&amp;id=1345" target="_blank" rel="noopener" class="broken_link">CRQ-IV: Cursos da Etec Irmã Agostina ganham Selo de Qualidade</a></p>						</div>
				</div>
					</div>
		</div>
							</div>
		</section>
						</div>
					</div>

<p>          Aqui estão selecionados os links para as matérias envolvendo alunos, ex-alunos, professores e eventos do curso Técnico em Química em ordem cronológica de divulgação (do mais recente para o mais antigo). Portal R7: Estudantes de escola pública contam como é estudar na USP CPS: Etecs classificam 13 redações para a&nbsp;&hellip;</p>
