{"id":4552,"date":"2021-05-20T10:38:30","date_gmt":"2021-05-20T13:38:30","guid":{"rendered":"http:\/\/etecirmaagostina.com.br\/?page_id=4552"},"modified":"2025-08-08T17:37:39","modified_gmt":"2025-08-08T20:37:39","slug":"recursos-humanos","status":"publish","type":"page","link":"https:\/\/etecia.com.br\/?page_id=4552","title":{"rendered":"Recursos Humanos"},"content":{"rendered":"<div class=\"gridContainer\">\n<p>O T\u00c9CNICO EM RECURSOS HUMANOS \u00e9 o profissional que det\u00e9m aptid\u00e3o para intermediar as rela\u00e7\u00f5es interpessoais e \u00e9ticas de uma organiza\u00e7\u00e3o. \u00c9 habilitado para trabalhar na execu\u00e7\u00e3o das rotinas administrativas de pessoal com base na Legisla\u00e7\u00e3o Trabalhista e Previdenci\u00e1ria. Auxilia no controle e avalia\u00e7\u00e3o de subsistemas de gerenciamento e contribui para a implementa\u00e7\u00e3o das estrat\u00e9gias organizacionais. Compromete-se com o desenvolvimento humano, administra pessoal, promove a\u00e7\u00f5es de treinamento, identifica e sugere plano de benef\u00edcios. Descreve e classifica postos de trabalho, aplica question\u00e1rios e processa informa\u00e7\u00f5es acerca dos trabalhadores. Atua nos processos de recrutamento, sele\u00e7\u00e3o e integra\u00e7\u00e3o, assessora as rela\u00e7\u00f5es de trabalho e sistemas de avalia\u00e7\u00e3o de desempenho. Presta servi\u00e7os de comunica\u00e7\u00e3o oral e escrita, lideran\u00e7a, motiva\u00e7\u00e3o, forma\u00e7\u00e3o de equipes e desenvolvimento de pessoal com empenho no crescimento simult\u00e2neo, individual e do grupo. Realiza a\u00e7\u00f5es empreendedoras e em processos de orienta\u00e7\u00e3o sobre a import\u00e2ncia da seguran\u00e7a no trabalho e da sa\u00fade ocupacional. Prop\u00f5e rela\u00e7\u00f5es positivas prop\u00edcias para o clima organizacional e responsabilidade social aos diversos p\u00fablicos.<\/p>\n<\/div>\n\n<div class=\"gridContainer\">\n<p>O <strong>curso t\u00e9cnico<\/strong> em Recursos Humanos na ETEC Irm\u00e3 Agostina \u00e9 oferecido no per\u00edodo noturno no CEU Cidade Dutra.<\/p>\n<\/div>\n\n<div class=\"gridContainer\">\n<p>Al\u00e9m disso, ele \u00e9 ofertado na modalidade <strong>M-Tec<\/strong> no CEU Vila Rubi. Nessa modalidade os alunos do ensino m\u00e9dio podem realizar o curso t\u00e9cnico de forma integrada no per\u00edodo noturno.<\/p>\n<\/div>\n\n<div class=\"gridContainer\">\n<div class=\"wp-block-buttons\"><div class=\"gridContainer\">\n<div class=\"wp-block-button\"><a class=\"wp-block-button__link has-vivid-cyan-blue-to-vivid-purple-gradient-background has-background\" href=\"http:\/\/etecia.com.br\/wp-content\/uploads\/2025\/08\/Human-Resources-Jun-29-2022.pdf\" target=\"_blank\" rel=\"noreferrer noopener\">veja o plano de curso do t\u00e9cnico em recursos humanos<\/a><\/div>\n<\/div><\/div>\n<\/div>\n\n<div class=\"gridContainer\">\n<div class=\"wp-block-buttons\"><div class=\"gridContainer\">\n<div class=\"wp-block-button\"><a class=\"wp-block-button__link has-black-color has-pale-ocean-gradient-background has-text-color has-background\" href=\"http:\/\/etecia.com.br\/wp-content\/uploads\/2025\/08\/Recursos-Humanos-635-MTec-Provisional-Updated-Nov-11-2022.pdf\" target=\"_blank\" rel=\"noreferrer noopener\">veja o plano de curso do M-TEC Noturno<\/a><\/div>\n<\/div><\/div>\n<\/div>\n\n<div class=\"gridContainer\">\n<p><strong>Coordena\u00e7\u00e3o do curso no CEU Vila Rubi:<\/strong>&nbsp;Camila<\/p>\n<\/div>\n\n<div class=\"gridContainer\">\n<p><strong>Coordena\u00e7\u00e3o do curso no CEU Cidade Dutra:<\/strong>&nbsp;Juliana Aparecida<\/p>\n<\/div>","protected":false},"excerpt":{"rendered":"<p>O T\u00c9CNICO EM RECURSOS HUMANOS \u00e9 o profissional que det\u00e9m aptid\u00e3o para intermediar as rela\u00e7\u00f5es interpessoais e \u00e9ticas de uma organiza\u00e7\u00e3o. \u00c9 habilitado para trabalhar na execu\u00e7\u00e3o das rotinas administrativas de pessoal com base na Legisla\u00e7\u00e3o Trabalhista e Previdenci\u00e1ria. Auxilia no controle e avalia\u00e7\u00e3o de subsistemas de gerenciamento e contribui para a implementa\u00e7\u00e3o das estrat\u00e9gias&nbsp;&hellip;<\/p>\n","protected":false},"author":1,"featured_media":4553,"parent":32,"menu_order":0,"comment_status":"closed","ping_status":"closed","template":"","meta":[],"_links":{"self":[{"href":"https:\/\/etecia.com.br\/index.php?rest_route=\/wp\/v2\/pages\/4552"}],"collection":[{"href":"https:\/\/etecia.com.br\/index.php?rest_route=\/wp\/v2\/pages"}],"about":[{"href":"https:\/\/etecia.com.br\/index.php?rest_route=\/wp\/v2\/types\/page"}],"author":[{"embeddable":true,"href":"https:\/\/etecia.com.br\/index.php?rest_route=\/wp\/v2\/users\/1"}],"replies":[{"embeddable":true,"href":"https:\/\/etecia.com.br\/index.php?rest_route=%2Fwp%2Fv2%2Fcomments&post=4552"}],"version-history":[{"count":6,"href":"https:\/\/etecia.com.br\/index.php?rest_route=\/wp\/v2\/pages\/4552\/revisions"}],"predecessor-version":[{"id":5425,"href":"https:\/\/etecia.com.br\/index.php?rest_route=\/wp\/v2\/pages\/4552\/revisions\/5425"}],"up":[{"embeddable":true,"href":"https:\/\/etecia.com.br\/index.php?rest_route=\/wp\/v2\/pages\/32"}],"wp:featuredmedia":[{"embeddable":true,"href":"https:\/\/etecia.com.br\/index.php?rest_route=\/wp\/v2\/media\/4553"}],"wp:attachment":[{"href":"https:\/\/etecia.com.br\/index.php?rest_route=%2Fwp%2Fv2%2Fmedia&parent=4552"}],"curies":[{"name":"wp","href":"https:\/\/api.w.org\/{rel}","templated":true}]}}

<div class="gridContainer">
<p>O TÉCNICO EM RECURSOS HUMANOS é o profissional que detém aptidão para intermediar as relações interpessoais e éticas de uma organização. É habilitado para trabalhar na execução das rotinas administrativas de pessoal com base na Legislação Trabalhista e Previdenciária. Auxilia no controle e avaliação de subsistemas de gerenciamento e contribui para a implementação das estratégias organizacionais. Compromete-se com o desenvolvimento humano, administra pessoal, promove ações de treinamento, identifica e sugere plano de benefícios. Descreve e classifica postos de trabalho, aplica questionários e processa informações acerca dos trabalhadores. Atua nos processos de recrutamento, seleção e integração, assessora as relações de trabalho e sistemas de avaliação de desempenho. Presta serviços de comunicação oral e escrita, liderança, motivação, formação de equipes e desenvolvimento de pessoal com empenho no crescimento simultâneo, individual e do grupo. Realiza ações empreendedoras e em processos de orientação sobre a importância da segurança no trabalho e da saúde ocupacional. Propõe relações positivas propícias para o clima organizacional e responsabilidade social aos diversos públicos.</p>
</div>

<div class="gridContainer">
<p>O <strong>curso técnico</strong> em Recursos Humanos na ETEC Irmã Agostina é oferecido no período noturno no CEU Cidade Dutra.</p>
</div>

<div class="gridContainer">
<p>Além disso, ele é ofertado na modalidade <strong>M-Tec</strong> no CEU Vila Rubi. Nessa modalidade os alunos do ensino médio podem realizar o curso técnico de forma integrada no período noturno.</p>
</div>

<div class="gridContainer">
<div class="wp-block-buttons"><div class="gridContainer">
<div class="wp-block-button"><a class="wp-block-button__link has-vivid-cyan-blue-to-vivid-purple-gradient-background has-background" href="http://etecia.com.br/wp-content/uploads/2025/08/Human-Resources-Jun-29-2022.pdf" target="_blank" rel="noreferrer noopener">veja o plano de curso do técnico em recursos humanos</a></div>
</div></div>
</div>

<div class="gridContainer">
<div class="wp-block-buttons"><div class="gridContainer">
<div class="wp-block-button"><a class="wp-block-button__link has-black-color has-pale-ocean-gradient-background has-text-color has-background" href="http://etecia.com.br/wp-content/uploads/2025/08/Recursos-Humanos-635-MTec-Provisional-Updated-Nov-11-2022.pdf" target="_blank" rel="noreferrer noopener">veja o plano de curso do M-TEC Noturno</a></div>
</div></div>
</div>

<div class="gridContainer">
<p><strong>Coordenação do curso no CEU Vila Rubi:</strong>&nbsp;Camila</p>
</div>

<div class="gridContainer">
<p><strong>Coordenação do curso no CEU Cidade Dutra:</strong>&nbsp;Juliana Aparecida</p>
</div>

<p>O TÉCNICO EM RECURSOS HUMANOS é o profissional que detém aptidão para intermediar as relações interpessoais e éticas de uma organização. É habilitado para trabalhar na execução das rotinas administrativas de pessoal com base na Legislação Trabalhista e Previdenciária. Auxilia no controle e avaliação de subsistemas de gerenciamento e contribui para a implementação das estratégias&nbsp;&hellip;</p>
