{"id":3559,"date":"2020-01-07T17:32:11","date_gmt":"2020-01-07T19:32:11","guid":{"rendered":"https:\/\/etecirmaagostina.com.br\/?page_id=3559"},"modified":"2025-08-08T17:34:02","modified_gmt":"2025-08-08T20:34:02","slug":"administracao","status":"publish","type":"page","link":"https:\/\/etecia.com.br\/?page_id=3559","title":{"rendered":"Administra\u00e7\u00e3o"},"content":{"rendered":"<div class=\"gridContainer\">\n<p class=\"has-drop-cap\">O t\u00e9cnico em administra\u00e7\u00e3o \u00e9 o profissional que empreende, analisa, interpreta e correlaciona de forma sist\u00eamica os cen\u00e1rios sociais, pol\u00edticos, econ\u00f4micos e sustent\u00e1veis, respeitando tipos de mercado, as tend\u00eancias culturais, os nichos e as possibilidades de integra\u00e7\u00e3o das economias contempor\u00e2neas. Executa as fun\u00e7\u00f5es de apoio administrativo nas v\u00e1rias \u00e1reas da organiza\u00e7\u00e3o elaborando documentos, acompanhando movimenta\u00e7\u00e3o de pessoas e materiais e utilizando ferramentas da inform\u00e1tica b\u00e1sica, como suporte \u00e0s opera\u00e7\u00f5es.<\/p>\n<\/div>\n\n<div class=\"gridContainer\">\n<p>O <strong>curso t\u00e9cnico<\/strong> em administra\u00e7\u00e3o na ETEC Irm\u00e3 Agostina \u00e9 oferecido no per\u00edodo noturno na sede, no CEU Vila Rubi e no CEU Cidade Dutra.<\/p>\n<\/div>\n\n<div class=\"gridContainer\">\n<p>Al\u00e9m disso, oferecemos o&nbsp;<strong>Ensino M\u00e9dio Integrado ao T\u00e9cnico em Administra\u00e7\u00e3o <\/strong>com dura\u00e7\u00e3o de 3 anos em per\u00edodo integral (manh\u00e3 e tarde).<\/p>\n<\/div>\n\n<div class=\"gridContainer\">\n<p>O curso de administra\u00e7\u00e3o tamb\u00e9m \u00e9 oferecido na modalidade <strong>M-Tec<\/strong>. Nessa modalidade os alunos do ensino m\u00e9dio podem realizar o curso t\u00e9cnico de forma integrada no per\u00edodo noturno.<br><\/p>\n<\/div>\n\n<div class=\"gridContainer\">\n<div class=\"wp-block-button\"><a class=\"wp-block-button__link has-very-dark-gray-color has-luminous-vivid-amber-to-luminous-vivid-orange-gradient-background has-text-color has-background\" href=\"http:\/\/etecia.com.br\/wp-content\/uploads\/2025\/08\/Administrac\u0327a\u0303o-891.pdf\" target=\"_blank\" rel=\"noreferrer noopener\">veja o plano de curso do t\u00e9cnico em administra\u00e7\u00e3o<\/a><\/div>\n<\/div>\n\n<div class=\"gridContainer\">\n<div class=\"wp-block-buttons\"><div class=\"gridContainer\">\n<div class=\"wp-block-button\"><a class=\"wp-block-button__link has-light-green-cyan-to-vivid-green-cyan-gradient-background has-background\" href=\"http:\/\/etecia.com.br\/wp-content\/uploads\/2025\/08\/Administrac\u0327a\u0303o-MTec-N-Provisional-Nov-16-2022.pdf\" target=\"_blank\" rel=\"noreferrer noopener\">veja o plano de curso do M-Tec Noturno<\/a><\/div>\n<\/div><\/div>\n<\/div>\n\n<div class=\"gridContainer\">\n<div class=\"wp-block-buttons\"><div class=\"gridContainer\">\n<div class=\"wp-block-button\"><a class=\"wp-block-button__link has-luminous-dusk-gradient-background has-background\" href=\"http:\/\/etecia.com.br\/wp-content\/uploads\/2025\/08\/Mtec-PI-Admin-Version-April-17.pdf\" target=\"_blank\" rel=\"noreferrer noopener\">veja o plano de curso do M-Tec PI<\/a><\/div>\n<\/div><\/div>\n<\/div>\n\n<div class=\"gridContainer\">\n<ul><li><strong>Coordena\u00e7\u00e3o do curso t\u00e9cnico na sede:<\/strong>&nbsp;Elizabel Souza<\/li><li><strong>Coordena\u00e7\u00e3o do curso t\u00e9cnico no CEU Vila Rubi:<\/strong> Edvaldo<\/li><li><strong>Coordena\u00e7\u00e3o do curso t\u00e9cnico no CEU Navegantes<\/strong>: Edvaldo<\/li><li><strong>Coordena\u00e7\u00e3o do curso t\u00e9cnico no CEU Vila Cidade Dutra: <\/strong>Edilma Pedrosa&nbsp;<\/li><li><strong>Coordena\u00e7\u00e3o da base comum do ensino m\u00e9dio:<\/strong>&nbsp;Beatriz Gianella<\/li><\/ul>\n<\/div>","protected":false},"excerpt":{"rendered":"<p>O t\u00e9cnico em administra\u00e7\u00e3o \u00e9 o profissional que empreende, analisa, interpreta e correlaciona de forma sist\u00eamica os cen\u00e1rios sociais, pol\u00edticos, econ\u00f4micos e sustent\u00e1veis, respeitando tipos de mercado, as tend\u00eancias culturais, os nichos e as possibilidades de integra\u00e7\u00e3o das economias contempor\u00e2neas. Executa as fun\u00e7\u00f5es de apoio administrativo nas v\u00e1rias \u00e1reas da organiza\u00e7\u00e3o elaborando documentos, acompanhando movimenta\u00e7\u00e3o&nbsp;&hellip;<\/p>\n","protected":false},"author":1,"featured_media":3560,"parent":32,"menu_order":0,"comment_status":"closed","ping_status":"closed","template":"","meta":[],"_links":{"self":[{"href":"https:\/\/etecia.com.br\/index.php?rest_route=\/wp\/v2\/pages\/3559"}],"collection":[{"href":"https:\/\/etecia.com.br\/index.php?rest_route=\/wp\/v2\/pages"}],"about":[{"href":"https:\/\/etecia.com.br\/index.php?rest_route=\/wp\/v2\/types\/page"}],"author":[{"embeddable":true,"href":"https:\/\/etecia.com.br\/index.php?rest_route=\/wp\/v2\/users\/1"}],"replies":[{"embeddable":true,"href":"https:\/\/etecia.com.br\/index.php?rest_route=%2Fwp%2Fv2%2Fcomments&post=3559"}],"version-history":[{"count":7,"href":"https:\/\/etecia.com.br\/index.php?rest_route=\/wp\/v2\/pages\/3559\/revisions"}],"predecessor-version":[{"id":5420,"href":"https:\/\/etecia.com.br\/index.php?rest_route=\/wp\/v2\/pages\/3559\/revisions\/5420"}],"up":[{"embeddable":true,"href":"https:\/\/etecia.com.br\/index.php?rest_route=\/wp\/v2\/pages\/32"}],"wp:featuredmedia":[{"embeddable":true,"href":"https:\/\/etecia.com.br\/index.php?rest_route=\/wp\/v2\/media\/3560"}],"wp:attachment":[{"href":"https:\/\/etecia.com.br\/index.php?rest_route=%2Fwp%2Fv2%2Fmedia&parent=3559"}],"curies":[{"name":"wp","href":"https:\/\/api.w.org\/{rel}","templated":true}]}}

Administração

<div class="gridContainer">
<p class="has-drop-cap">O técnico em administração é o profissional que empreende, analisa, interpreta e correlaciona de forma sistêmica os cenários sociais, políticos, econômicos e sustentáveis, respeitando tipos de mercado, as tendências culturais, os nichos e as possibilidades de integração das economias contemporâneas. Executa as funções de apoio administrativo nas várias áreas da organização elaborando documentos, acompanhando movimentação de pessoas e materiais e utilizando ferramentas da informática básica, como suporte às operações.</p>
</div>

<div class="gridContainer">
<p>O <strong>curso técnico</strong> em administração na ETEC Irmã Agostina é oferecido no período noturno na sede, no CEU Vila Rubi e no CEU Cidade Dutra.</p>
</div>

<div class="gridContainer">
<p>Além disso, oferecemos o&nbsp;<strong>Ensino Médio Integrado ao Técnico em Administração </strong>com duração de 3 anos em período integral (manhã e tarde).</p>
</div>

<div class="gridContainer">
<p>O curso de administração também é oferecido na modalidade <strong>M-Tec</strong>. Nessa modalidade os alunos do ensino médio podem realizar o curso técnico de forma integrada no período noturno.<br></p>
</div>

<div class="gridContainer">
<div class="wp-block-button"><a class="wp-block-button__link has-very-dark-gray-color has-luminous-vivid-amber-to-luminous-vivid-orange-gradient-background has-text-color has-background" href="http://etecia.com.br/wp-content/uploads/2025/08/Administração-891.pdf" target="_blank" rel="noreferrer noopener">veja o plano de curso do técnico em administração</a></div>
</div>

<div class="gridContainer">
<div class="wp-block-buttons"><div class="gridContainer">
<div class="wp-block-button"><a class="wp-block-button__link has-light-green-cyan-to-vivid-green-cyan-gradient-background has-background" href="http://etecia.com.br/wp-content/uploads/2025/08/Administração-MTec-N-Provisional-Nov-16-2022.pdf" target="_blank" rel="noreferrer noopener">veja o plano de curso do M-Tec Noturno</a></div>
</div></div>
</div>

<div class="gridContainer">
<div class="wp-block-buttons"><div class="gridContainer">
<div class="wp-block-button"><a class="wp-block-button__link has-luminous-dusk-gradient-background has-background" href="http://etecia.com.br/wp-content/uploads/2025/08/Mtec-PI-Admin-Version-April-17.pdf" target="_blank" rel="noreferrer noopener">veja o plano de curso do M-Tec PI</a></div>
</div></div>
</div>

<div class="gridContainer">
<ul><li><strong>Coordenação do curso técnico na sede:</strong>&nbsp;Elizabel Souza</li><li><strong>Coordenação do curso técnico no CEU Vila Rubi:</strong> Edvaldo</li><li><strong>Coordenação do curso técnico no CEU Navegantes</strong>: Edvaldo</li><li><strong>Coordenação do curso técnico no CEU Vila Cidade Dutra: </strong>Edilma Pedrosa&nbsp;</li><li><strong>Coordenação da base comum do ensino médio:</strong>&nbsp;Beatriz Gianella</li></ul>
</div>

<p>O técnico em administração é o profissional que empreende, analisa, interpreta e correlaciona de forma sistêmica os cenários sociais, políticos, econômicos e sustentáveis, respeitando tipos de mercado, as tendências culturais, os nichos e as possibilidades de integração das economias contemporâneas. Executa as funções de apoio administrativo nas várias áreas da organização elaborando documentos, acompanhando movimentação&nbsp;&hellip;</p>
