{"id":3477,"date":"2020-01-02T17:20:52","date_gmt":"2020-01-02T19:20:52","guid":{"rendered":"https:\/\/etecirmaagostina.com.br\/materialis\/"},"modified":"2026-04-28T07:18:29","modified_gmt":"2026-04-28T10:18:29","slug":"materialis","status":"publish","type":"page","link":"https:\/\/etecia.com.br\/","title":{"rendered":"Front Page"},"content":{"rendered":"<div  id=\"overlappable-8\" style=\"background-color: #f5fafd;\" data-label=\"Overlappable\" data-id=\"overlappable-5-materialis\" data-export-id=\"overlappable-5-materialis\" data-category=\"overlappable\" class=\"overlappable-5-materialis content-section content-section-spacing-large\" data-overlap=\"true\"><div  class=\"gridContainer\"> <div  data-type=\"row\" class=\"row spaced-cols\"><div  class=\"col-xs-12 col-sm-6 col-md-4 \"> <div  class=\"card mdc-elevation--z3 row-card\"><div  class=\"row\"> <div  class=\"col-xs-12 col-sm-fit icon-col\" data-fixed=\"true\"><i  class=\"color1 icon mdi mdi-school bordered round big\"><\/i><\/div> <div  class=\"col-xs-12 col-sm\" data-type=\"column\"><h4  class=\"color-black\">CURSOS<\/h4> <p  class=\"\">A ETEC Irm\u00e3 Agostina \u00e9 uma escola t\u00e9cnica profissionalizante que oference ensino m\u00e9dio integrado e cursos t\u00e9cnicos nas \u00e1reas de Gest\u00e3o, Sa\u00fade, Ind\u00fastria e Tecnologia.<\/p><\/div> <\/div><\/div> <\/div> <div  class=\"col-xs-12 col-sm-6 col-md-4 \"> <div  class=\"card mdc-elevation--z3 row-card\"> <div  class=\"row\"> <div  class=\"col-xs-12 col-sm-fit icon-col\" data-fixed=\"true\"> <i  class=\"color1 icon mdi mdi-cart-off bordered round big\"><\/i><\/div> <div  class=\"col-xs-12 col-sm\" data-type=\"column\"><h4  class=\"color-black\">GRATU\u00cdTOS<\/h4> <p  class=\"\">O Centro Paula Souza \u00e9 uma autarquia do Governo do Estado de S\u00e3o Paulo. Ele \u00e9 respons\u00e1vel pela gest\u00e3o das ETECs e FATECs que oferecem ensino t\u00e9cnico e superior de forma gratu\u00edta.<\/p><\/div> <\/div><\/div> <\/div> <div  class=\"col-xs-12 col-sm-6 col-md-4 \"> <div  class=\"card mdc-elevation--z3 row-card\"> <div  class=\"row\"> <div  class=\"col-xs-12 col-sm-fit icon-col\" data-fixed=\"true\"> <i  class=\"color1 icon mdi mdi-clipboard-check bordered round big\"><\/i><\/div> <div  class=\"col-xs-12 col-sm\" data-type=\"column\"><h4  class=\"color-black\">DE QUALIDADE<\/h4> <p  class=\"\">A ETEC Irm\u00e3 Agostina tem demonstrado sua excel\u00eancia na educa\u00e7\u00e3o atrav\u00e9s de diversas conquistas ao longos dos \u00faltimos 10 anos. Tudo gra\u00e7as \u00e0 um corpo docente altamente qualificado.<\/p><\/div> <\/div><\/div> <\/div><\/div> <\/div><\/div><div  id=\"cursos\" style=\"background-color: #ffffff;\" data-label=\"Cursos\" data-id=\"features-10-materialis\" data-export-id=\"features-10-materialis\" data-category=\"features\" class=\"features-10m content-section-spacing-large content-section\"><div  class=\"gridContainer\"> <div  class=\"row\"><div  class=\"section-title-col\" data-type=\"column\"> <h2  class=\"\">Nossos Cursos<\/h2> <p  class=\"\">A Etec Irm\u00e3 Agostina oferece cursos t\u00e9cnicos modulares e o ensino m\u00e9dio integrado ao cursos t\u00e9cnico (per\u00edodo integral). Conhe\u00e7a os cursos oferecidos nas nossas unidades.<\/p><\/div> <\/div> <div  class=\"row \"> <div  class=\"col-xs-12 col-md-10 col-md-offset-1\"> <div  class=\"row space-top spaced-cols content-center-sm\" data-type=\"row\" data-max-items=\"4\"> <div  class=\"col-xs-10 col-md-4 col-sm-6 col-sm-offset-0 col-xs-offset-1\"> <div  class=\"card no-radius mdc-elevation--z1 y-move bg-color-white padding-24 bordered\" data-type=\"column\"> <i  class=\"mdi icon color1 mdi-chart-areaspline reverse round big\"><\/i> <h5  class=\"\">Administra\u00e7\u00e3o<\/h5><a class=\"button blue mdc-ripple-upgraded\" href=\"https:\/\/etecia.com.br?page_id=3559\" target=\"_self\" data-cp-link=\"1\" rel=\"noopener\">conhe\u00e7a o curso<\/a><\/div> <\/div> <div  class=\"col-xs-10 col-md-4 col-sm-6 col-sm-offset-0 col-xs-offset-1\"> <div  class=\"card no-radius mdc-elevation--z1 y-move bg-color-white padding-24 bordered\" data-type=\"column\"> <i  class=\"mdi icon color1 mdi-laptop-mac reverse round big\"><\/i> <h5  class=\"\">Des. de Sistemas<\/h5><a class=\"button blue mdc-ripple-upgraded\" href=\"https:\/\/etecia.com.br?page_id=3557\" target=\"_self\" data-cp-link=\"1\" rel=\"noopener\">conhe\u00e7a o curso<\/a><\/div> <\/div> <div  class=\"col-xs-10 col-md-4 col-sm-6 col-sm-offset-0 col-xs-offset-1\"> <div  class=\"card no-radius mdc-elevation--z1 y-move bg-color-white padding-24 bordered\" data-type=\"column\"> <i  class=\"mdi icon color1 mdi-food-variant reverse round big\"><\/i> <h5  class=\"\">Nutri\u00e7\u00e3o<\/h5><a class=\"button blue mdc-ripple-upgraded\" href=\"https:\/\/etecia.com.br?page_id=3518\" target=\"_self\" data-cp-link=\"1\" rel=\"noopener\">conhe\u00e7a o curso<\/a><\/div> <\/div> <div  class=\"col-xs-10 col-md-4 col-sm-6 col-sm-offset-0 col-xs-offset-1\"> <div  class=\"card no-radius mdc-elevation--z1 y-move bg-color-white padding-24 bordered\" data-type=\"column\"> <i  class=\"mdi icon color1 mdi-atom reverse round big\"><\/i> <h5  class=\"\">Qu\u00edmica<\/h5><a class=\"button blue mdc-ripple-upgraded\" href=\"https:\/\/etecia.com.br?page_id=3551\" target=\"_self\" data-cp-link=\"1\" rel=\"noopener\">conhe\u00e7a o curso<\/a><\/div> <\/div> <div  class=\"col-md-4 col-sm-6 col-sm-offset-0 col-xs-10 col-xs-offset-1\"> <div  class=\"card no-radius mdc-elevation--z1 y-move bg-color-white padding-24 bordered\" data-type=\"column\"> <i  class=\"mdi icon color1 mdi-presentation-play reverse round big\"><\/i> <h5  class=\"\">Marketing<\/h5><a class=\"button blue mdc-ripple-upgraded\" href=\"https:\/\/etecia.com.br?page_id=4558\" target=\"_self\" data-cp-link=\"1\" rel=\"noopener\">conhe\u00e7a o curso<\/a><\/div> <\/div> <div  class=\"col-md-4 col-sm-6 col-sm-offset-0 col-xs-10 col-xs-offset-1\"> <div  class=\"card no-radius mdc-elevation--z1 y-move bg-color-white padding-24 bordered\" data-type=\"column\"> <i  class=\"mdi icon color1 mdi-account-card-details reverse round big\"><\/i> <h5  class=\"\">Recursos Humanos<\/h5><a class=\"button blue mdc-ripple-upgraded\" href=\"https:\/\/etecia.com.br?page_id=4552\" target=\"_self\" data-cp-link=\"1\" rel=\"noopener\">conhe\u00e7a o curso<\/a><\/div> <\/div><\/div> <\/div><\/div> <\/div><\/div><!-- CloudPress Companion Preview Data START --><div  id=\"noticias\" style=\"background-color: #f5fafd;\" data-label=\"noticias\" data-id=\"latest-news-1-materialis\" data-export-id=\"latest-news-1-materialis\" data-category=\"latest_news\" class=\"latest-news-1-materialis content-section content-section-spacing-large\"><div  class=\"gridContainer\"> <div  class=\"row\"><div  data-type=\"column\" class=\"section-title-col\"> <h2  class=\"\">\u00daltimas Not\u00edcias<\/h2> <p  class=\"lead\">Fique por dentro das \u00faltimas not\u00edcias da ETEC Irm\u00e3 Agostina. Voc\u00ea tamb\u00e9m pode acompanhar as novidades atrav\u00e9s das nossas redes sociais.<\/p><\/div> <\/div> <div  class=\"row content-left-sm\"> <div  data-type=\"row\" data-dynamic-columns=\"handled\" data-content-shortcode=\"materialis_latest_news\" data-max-items=\"4\">        <div class=\"row materialis-latest-news\">\r\n                    <div id=\"post-5455\" class=\"col-sm-6 col-md-4 space-bottom space-bottom-xs\">\r\n                    <div class=\"post-content no-padding  mdc-card overflow-hidden mdc-elevation--z2 latest-news-layout-cards\">\r\n                    <div class=\"\">\r\n                    <div class=\"post-thumbnail\">\n        <a href=\"https:\/\/etecia.com.br\/?p=5455\" class=\"post-list-item-thumb \">\n                    <svg class=\"materialis-post-list-item-thumb-placeholder\" width=\"890\" height=\"580\" viewBox=\"0 0 890 580\" preserveAspectRatio=\"none\">\n            <rect width=\"890\" height=\"580\" style=\"fill:#228ae6;\"><\/rect>\n        <\/svg>\n                <\/a>\n    <\/div>\n                <\/div>\r\n        \r\n        <div class=\"post-content-body col-padding  \">\r\n                            <div class=\"space-bottom-small\">\r\n                    <a href=\"https:\/\/etecia.com.br\/?cat=1\"  class=\"button color5 link \">Secretariado<\/a>                <\/div>\r\n            \r\n            <h4 class=\"latest-news-item-title\">\r\n                <a href=\"https:\/\/etecia.com.br\/?p=5455\" rel=\"bookmark\">\r\n                    Vestibulinho &#8211; Segundo Semestre de 2026                <\/a>\r\n            <\/h4>\r\n\r\n            \r\n            <div class=\"latest-news-item-excerpt\">\r\n                            <\/div>\r\n\r\n\r\n        <\/div>\r\n                            <div class=\"mdc-card__actions box-padding-lr-small text-dark\">\r\n                <div class=\"mdc-card__action-icons col-xs-12 text-dark col-sm-fit no-padding-left\">\r\n                        <a class=\"post-footer-link\" href=\"https:\/\/etecia.com.br\/?p=5455\">\r\n        <i class=\"mdi small mdi-comment-outline mdc-card__action mdc-card__action--icon color-darkgray\" title=\"Comments\"><\/i>\r\n        <span class=\"post-footer-value\">0<\/span>\r\n    <\/a>\r\n    <a class=\"post-footer-link\" href=\"https:\/\/etecia.com.br\/?p=5455\">\r\n        <i class=\"mdi small mdi-clock mdc-card__action mdc-card__action--icon color-darkgray\" title=\"Post Time\"><\/i>\r\n        <span class=\"post-footer-value\">28 de abril de 2026<\/span>\r\n    <\/a>\r\n                    <\/div>\r\n                <div class=\"mdc-card__action-buttons col-xs-12 col-sm-fit no-padding\">\r\n                    <a href=\"https:\/\/etecia.com.br\/?p=5455\" class=\"button color2 link\">Leia mais<\/a>\r\n                <\/div>\r\n            <\/div>\r\n            <\/div>\r\n                <\/div>\r\n                    <div id=\"post-5438\" class=\"col-sm-6 col-md-4 space-bottom space-bottom-xs\">\r\n                    <div class=\"post-content no-padding  mdc-card overflow-hidden mdc-elevation--z2 latest-news-layout-cards\">\r\n                    <div class=\"\">\r\n                    <div class=\"post-thumbnail\">\n        <a href=\"https:\/\/etecia.com.br\/?p=5438\" class=\"post-list-item-thumb \">\n                    <svg class=\"materialis-post-list-item-thumb-placeholder\" width=\"890\" height=\"580\" viewBox=\"0 0 890 580\" preserveAspectRatio=\"none\">\n            <rect width=\"890\" height=\"580\" style=\"fill:#228ae6;\"><\/rect>\n        <\/svg>\n                <\/a>\n    <\/div>\n                <\/div>\r\n        \r\n        <div class=\"post-content-body col-padding  \">\r\n                            <div class=\"space-bottom-small\">\r\n                    <a href=\"https:\/\/etecia.com.br\/?cat=27\"  class=\"button color5 link \">Vestibulinho<\/a>                <\/div>\r\n            \r\n            <h4 class=\"latest-news-item-title\">\r\n                <a href=\"https:\/\/etecia.com.br\/?p=5438\" rel=\"bookmark\">\r\n                    Vagas Remanescentes                <\/a>\r\n            <\/h4>\r\n\r\n            \r\n            <div class=\"latest-news-item-excerpt\">\r\n                <p>A Etec Irm\u00e3 Agostina, est\u00e1 com Processo Extraordin\u00e1rio para preenchimento de vagas remanescentes do 1\u00ba[&hellip;]<\/p>\n            <\/div>\r\n\r\n\r\n        <\/div>\r\n                            <div class=\"mdc-card__actions box-padding-lr-small text-dark\">\r\n                <div class=\"mdc-card__action-icons col-xs-12 text-dark col-sm-fit no-padding-left\">\r\n                        <a class=\"post-footer-link\" href=\"https:\/\/etecia.com.br\/?p=5438\">\r\n        <i class=\"mdi small mdi-comment-outline mdc-card__action mdc-card__action--icon color-darkgray\" title=\"Comments\"><\/i>\r\n        <span class=\"post-footer-value\">0<\/span>\r\n    <\/a>\r\n    <a class=\"post-footer-link\" href=\"https:\/\/etecia.com.br\/?p=5438\">\r\n        <i class=\"mdi small mdi-clock mdc-card__action mdc-card__action--icon color-darkgray\" title=\"Post Time\"><\/i>\r\n        <span class=\"post-footer-value\">20 de fevereiro de 2026<\/span>\r\n    <\/a>\r\n                    <\/div>\r\n                <div class=\"mdc-card__action-buttons col-xs-12 col-sm-fit no-padding\">\r\n                    <a href=\"https:\/\/etecia.com.br\/?p=5438\" class=\"button color2 link\">Leia mais<\/a>\r\n                <\/div>\r\n            <\/div>\r\n            <\/div>\r\n                <\/div>\r\n                    <div id=\"post-5311\" class=\"col-sm-6 col-md-4 space-bottom space-bottom-xs\">\r\n                    <div class=\"post-content no-padding  mdc-card overflow-hidden mdc-elevation--z2 latest-news-layout-cards\">\r\n                    <div class=\"\">\r\n                    <div class=\"post-thumbnail\">\n        <a href=\"https:\/\/etecia.com.br\/?p=5311\" class=\"post-list-item-thumb \">\n            <img width=\"1232\" height=\"927\" src=\"https:\/\/etecia.com.br\/wp-content\/uploads\/2023\/12\/WhatsApp-Image-2023-11-30-at-15.50.25-3-1232x927.jpeg\" class=\"attachment-post-thumbnail size-post-thumbnail wp-post-image\" alt=\"\" loading=\"lazy\" srcset=\"https:\/\/etecia.com.br\/wp-content\/uploads\/2023\/12\/WhatsApp-Image-2023-11-30-at-15.50.25-3-1232x927.jpeg 1232w, https:\/\/etecia.com.br\/wp-content\/uploads\/2023\/12\/WhatsApp-Image-2023-11-30-at-15.50.25-3-300x226.jpeg 300w, https:\/\/etecia.com.br\/wp-content\/uploads\/2023\/12\/WhatsApp-Image-2023-11-30-at-15.50.25-3-1024x771.jpeg 1024w, https:\/\/etecia.com.br\/wp-content\/uploads\/2023\/12\/WhatsApp-Image-2023-11-30-at-15.50.25-3-768x578.jpeg 768w, https:\/\/etecia.com.br\/wp-content\/uploads\/2023\/12\/WhatsApp-Image-2023-11-30-at-15.50.25-3-1536x1156.jpeg 1536w, https:\/\/etecia.com.br\/wp-content\/uploads\/2023\/12\/WhatsApp-Image-2023-11-30-at-15.50.25-3-1435x1080.jpeg 1435w, https:\/\/etecia.com.br\/wp-content\/uploads\/2023\/12\/WhatsApp-Image-2023-11-30-at-15.50.25-3.jpeg 1600w\" sizes=\"(max-width: 1232px) 100vw, 1232px\" \/>        <\/a>\n    <\/div>\n                <\/div>\r\n        \r\n        <div class=\"post-content-body col-padding  \">\r\n                            <div class=\"space-bottom-small\">\r\n                    <a href=\"https:\/\/etecia.com.br\/?cat=2\"  class=\"button color5 link \">Not\u00edcias<\/a>                <\/div>\r\n            \r\n            <h4 class=\"latest-news-item-title\">\r\n                <a href=\"https:\/\/etecia.com.br\/?p=5311\" rel=\"bookmark\">\r\n                    ETECIA apresenta pe\u00e7a teatral no CEU                <\/a>\r\n            <\/h4>\r\n\r\n            \r\n            <div class=\"latest-news-item-excerpt\">\r\n                <p>Na \u00faltima ter\u00e7a-feira, dia 28 de novembro, \u00e0s 20h, no teatro do CEU Cidade Dutra,[&hellip;]<\/p>\n            <\/div>\r\n\r\n\r\n        <\/div>\r\n                            <div class=\"mdc-card__actions box-padding-lr-small text-dark\">\r\n                <div class=\"mdc-card__action-icons col-xs-12 text-dark col-sm-fit no-padding-left\">\r\n                        <a class=\"post-footer-link\" href=\"https:\/\/etecia.com.br\/?p=5311\">\r\n        <i class=\"mdi small mdi-comment-outline mdc-card__action mdc-card__action--icon color-darkgray\" title=\"Comments\"><\/i>\r\n        <span class=\"post-footer-value\">2<\/span>\r\n    <\/a>\r\n    <a class=\"post-footer-link\" href=\"https:\/\/etecia.com.br\/?p=5311\">\r\n        <i class=\"mdi small mdi-clock mdc-card__action mdc-card__action--icon color-darkgray\" title=\"Post Time\"><\/i>\r\n        <span class=\"post-footer-value\">1 de dezembro de 2023<\/span>\r\n    <\/a>\r\n                    <\/div>\r\n                <div class=\"mdc-card__action-buttons col-xs-12 col-sm-fit no-padding\">\r\n                    <a href=\"https:\/\/etecia.com.br\/?p=5311\" class=\"button color2 link\">Leia mais<\/a>\r\n                <\/div>\r\n            <\/div>\r\n            <\/div>\r\n                <\/div>\r\n            <\/div>\r\n    <\/div><\/div> <div  class=\"row\"><div  class=\"col-xs-12 text-center\"> <a  class=\"button big color1 mdc-elevation--z3 mdc-ripple-upgraded\" data-attr-shortcode=\"href:materialis_blog_link\" href=\"https:\/\/etecia.com.br\/?page_id=3478\">MAIS NOT\u00cdCIAS<\/a><\/div> <\/div><\/div><\/div><div  id=\"sobre\" style=\"background-color: rgb(255, 255, 255); background-image: none;\" data-label=\"sobre\" data-id=\"about-4\" data-export-id=\"about-4\" data-category=\"about\" class=\"about-4 content-section content-section-spacing-large\"><div  class=\"gridContainer\"> <div  class=\"row middle-sm text-center\"><div  class=\"col-sm-5 space-bottom-xs\" data-type=\"column\"> <h5  class=\"\">ENSINO PROFISSIONAL GRATUITO<\/h5> <h2  class=\"\">Cursos T\u00e9cnicos e&nbsp;<br ><font  face=\"Playfair Display, sans-serif\"><b ><i >Ensino M\u00e9dio Integrado&nbsp;<\/i><\/b><\/font>com qualidade comprovada<\/h2> <p  class=\"\">A ETEC Irm\u00e3 Agostina completou 10 anos, em 2020. Apesar de ser uma escola nova, ela j\u00e1 apresenta resultados fant\u00e1sticos como uma das melhores escolas p\u00fablicas no ENEM, a melhor escola p\u00fablica de S\u00e3o Paulo segundo e IDEB, centenas de alunos aprovados nas melhores universidades do pa\u00eds e diversos alunos qualificados atuando no mercado de trabalho.<\/p> <\/div> <div  class=\"col-sm-7 flexbox center-xs middle-xs image-group-2-img padding-top-bottom\"> <img  class=\"img-1 rounded mdc-elevation--z10\" data-size=\"250x200\" src=\"http:\/\/etecia.com.br\/wp-content\/uploads\/2020\/01\/cropped-newImage-100-1.png\"> <img  class=\"img-2 rounded mdc-elevation--z10\" data-size=\"220x170\" src=\"http:\/\/etecia.com.br\/wp-content\/uploads\/2020\/01\/cropped-newImage-100-2.png\"><\/div> <\/div><\/div> <\/div><div  data-label=\"alunos\" data-id=\"overlappable--1\" data-export-id=\"overlappable-4\" data-category=\"overlappable\" class=\"overlappable-4 content-section content-section-spacing-large\" data-overlap=\"true\" id=\"alunos-1\" style=\"background-color: rgb(255, 255, 255);\"><div  class=\"gridContainer\"> <div  data-type=\"row\" class=\"row spaced-cols text-center center-sm content-center-sm\"><div  class=\"col-xs-12 col-sm-4 \"> <i  class=\"mdi icon aligncenter color1 mdi-clock reverse round large\"><\/i> <div  data-type=\"column\" class=\"\"> <h5  class=\"\">Hor\u00e1rios<\/h5> <p  class=\"\">Consulte os hor\u00e1rios das aulas dos cursos<\/p><a class=\"button blue mdc-ripple-upgraded\" href=\"https:\/\/etecia.com.br?page_id=1166\" target=\"_self\" data-cp-link=\"1\" rel=\"noopener\">ver hor\u00e1rios<\/a><\/div> <\/div> <div  class=\"col-xs-12 col-sm-4 \"> <i  class=\"mdi icon aligncenter color1 mdi-calendar reverse round large\"><\/i> <div  data-type=\"column\" class=\"\"><h5  class=\"\">Calend\u00e1rios<\/h5> <p  class=\"\">Acesso o calend\u00e1rio das aulas das unidades<\/p><a class=\"button blue mdc-ripple-upgraded\" href=\"https:\/\/etecia.com.br?page_id=588\" target=\"_self\" data-cp-link=\"1\" rel=\"noopener\">abrir calend\u00e1rio<\/a><\/div> <\/div> <\/div> <\/div><\/div><div  id=\"nsa\" style=\"background-color: #f5fafd;\" data-label=\"nsa\" data-id=\"content-7-materialis\" data-export-id=\"content-7-materialis\" data-category=\"content\" class=\"content-7m content-section-spacing-large content-section\"><div  class=\"gridContainer\"> <div  class=\"row middle-sm\"><div  class=\"col-md-6 col-xs-12 col-sm-6 col-padding-small-xs\"> <img  class=\"mdc-elevation--z13 img-rounded\" src=\"http:\/\/etecia.com.br\/wp-content\/uploads\/2020\/01\/cropped-IMG_2934-1-scaled-1.jpg\"><\/div> <div  class=\"col-md-5 col-md-offset-1 col-xs-12 col-sm-6 content-left-sm col-padding-small-xs\" data-type=\"column\"><h6  class=\"upper\">NSA<\/h6> <h3  class=\"space-bottom\">Novo Sistema Acad\u00eamico<\/h3> <p  class=\"space-top\">O NSA \u00e9 o sistema acad\u00eamico utilizado pela ETEC Irm\u00e3 Agostina. Atrav\u00e9s dele os alunos, professores e respons\u00e1veis tem acesso \u00e0s mais diversas funcionalidades. \u00c9 poss\u00edvel consultar suas men\u00e7\u00f5es, frequ\u00eancias, plano de trabalho do professor, atividades realizadas em aula. Al\u00e9m disso voc\u00ea pode solicitar servi\u00e7os e documentos diretamente pela internet. Caso n\u00e3o tenha uma senha de acesso, entre em contato com a secretaria para criar uma.<\/p> <a href=\"https:\/\/nsa.cps.sp.gov.br\" class=\"button read-more link color1 space-top negative-margin mdc-ripple-upgraded\" target=\"_blank\" data-cp-link=\"1\" rel=\"noopener noreferrer\">Acessar o NSA Online<i  class=\"mdi mdi-arrow-right-thick read-more-icon\"><\/i><\/a><\/div> <\/div><\/div> <\/div><div  id=\"vestibulinho\" style=\"background-color: rgb(255, 255, 255); background-image: none;\" data-label=\"vestibulinho\" data-id=\"content-8-materialis\" data-export-id=\"content-8-materialis\" data-category=\"content\" class=\"content-8m content-section-spacing-large content-section\"><div  class=\"gridContainer\"> <div  class=\"row middle-sm\"><div  class=\"col-md-5 col-xs-12 col-sm-6 space-bottom-xs\" data-type=\"column\"> <h6  class=\"upper\">VESTIBULINHO<\/h6> <h3  class=\"\">Processo Seletivo<\/h3> <p  class=\"space-top\">O Processo Seletivo Vestibulinho \u00e9 um processo para selec\u00e7\u00e3o dos candidatos que ir\u00e3o estudar nas ETECs. Ele consiste em uma prova objetiva. Os melhores classificados de cada curso tem direito \u00e0 vaga. Para participar do processo voc\u00ea deve fazer inscri\u00e7\u00e3o no site do vestibulinho etec.<\/p>  <\/div> <div  class=\"col-md-6 col-md-offset-1 col-xs-12 col-sm-6\"> <img  class=\"mdc-elevation--z9 rounded\" src=\"http:\/\/etecia.com.br\/wp-content\/uploads\/2020\/01\/cropped-newImage-100.png\"><\/div> <\/div><\/div> <\/div><div  data-label=\"contato\" data-id=\"cta--1\" data-export-id=\"cta-1-materialis\" data-category=\"cta\" class=\"content-relative content-section content-section-spacing-large cta-1-materialis section-title-col-white-text\" data-section-ov=\"1\" data-parallax-depth=\"20\" id=\"contato-1\" style=\"background-color: rgb(245, 250, 253);\"><div  class=\"gridContainer\"> <div  class=\"row text-center col-sm-padding-medium\"><div  class=\"col-md-6 col-md-offset-3 col-xs-10 col-xs-offset-1 card mdc-elevation--z3 box-padding-lr-small\"> <div  data-type=\"column\" class=\"\"><h2  class=\"\">Contato<\/h2> <p  class=\"\">Entre em contato com a ETEC Irm\u00e3 Agostina. Voc\u00ea pode entrar em contato atrav\u00e9s do e-mail ou telefone dispon\u00edveis no rodap\u00e9 da p\u00e1gina.<\/p> <\/div> <\/div><\/div> <\/div><\/div>","protected":false},"excerpt":{"rendered":"","protected":false},"author":1,"featured_media":0,"parent":0,"menu_order":0,"comment_status":"closed","ping_status":"closed","template":"page-templates\/homepage.php","meta":[],"_links":{"self":[{"href":"https:\/\/etecia.com.br\/index.php?rest_route=\/wp\/v2\/pages\/3477"}],"collection":[{"href":"https:\/\/etecia.com.br\/index.php?rest_route=\/wp\/v2\/pages"}],"about":[{"href":"https:\/\/etecia.com.br\/index.php?rest_route=\/wp\/v2\/types\/page"}],"author":[{"embeddable":true,"href":"https:\/\/etecia.com.br\/index.php?rest_route=\/wp\/v2\/users\/1"}],"replies":[{"embeddable":true,"href":"https:\/\/etecia.com.br\/index.php?rest_route=%2Fwp%2Fv2%2Fcomments&post=3477"}],"version-history":[{"count":45,"href":"https:\/\/etecia.com.br\/index.php?rest_route=\/wp\/v2\/pages\/3477\/revisions"}],"predecessor-version":[{"id":5367,"href":"https:\/\/etecia.com.br\/index.php?rest_route=\/wp\/v2\/pages\/3477\/revisions\/5367"}],"wp:attachment":[{"href":"https:\/\/etecia.com.br\/index.php?rest_route=%2Fwp%2Fv2%2Fmedia&parent=3477"}],"curies":[{"name":"wp","href":"https:\/\/api.w.org\/{rel}","templated":true}]}}