{"id":2722,"date":"2018-07-02T15:36:18","date_gmt":"2018-07-02T18:36:18","guid":{"rendered":"https:\/\/etecirmaagostina.com.br\/?page_id=2722"},"modified":"2020-02-04T16:17:33","modified_gmt":"2020-02-04T19:17:33","slug":"biblioteca","status":"publish","type":"page","link":"https:\/\/etecia.com.br\/?page_id=2722","title":{"rendered":"Biblioteca"},"content":{"rendered":"<p><img loading=\"lazy\" class=\"size-medium wp-image-3341 aligncenter\" src=\"http:\/\/etecia.com.br\/wp-content\/uploads\/2019\/09\/biblioteca1-300x225.jpg\" alt=\"\" width=\"300\" height=\"225\" srcset=\"https:\/\/etecia.com.br\/wp-content\/uploads\/2019\/09\/biblioteca1-300x225.jpg 300w, https:\/\/etecia.com.br\/wp-content\/uploads\/2019\/09\/biblioteca1-768x576.jpg 768w, https:\/\/etecia.com.br\/wp-content\/uploads\/2019\/09\/biblioteca1-1024x768.jpg 1024w, https:\/\/etecia.com.br\/wp-content\/uploads\/2019\/09\/biblioteca1-250x188.jpg 250w, https:\/\/etecia.com.br\/wp-content\/uploads\/2019\/09\/biblioteca1.jpg 1280w\" sizes=\"(max-width: 300px) 100vw, 300px\" \/> <img loading=\"lazy\" class=\"size-medium wp-image-3340 aligncenter\" src=\"http:\/\/etecia.com.br\/wp-content\/uploads\/2019\/09\/biblioteca2-300x225.jpg\" alt=\"\" width=\"300\" height=\"225\" srcset=\"https:\/\/etecia.com.br\/wp-content\/uploads\/2019\/09\/biblioteca2-300x225.jpg 300w, https:\/\/etecia.com.br\/wp-content\/uploads\/2019\/09\/biblioteca2-768x576.jpg 768w, https:\/\/etecia.com.br\/wp-content\/uploads\/2019\/09\/biblioteca2-1024x768.jpg 1024w, https:\/\/etecia.com.br\/wp-content\/uploads\/2019\/09\/biblioteca2-250x188.jpg 250w, https:\/\/etecia.com.br\/wp-content\/uploads\/2019\/09\/biblioteca2.jpg 1280w\" sizes=\"(max-width: 300px) 100vw, 300px\" \/> <img loading=\"lazy\" class=\"size-medium wp-image-3338 aligncenter\" src=\"http:\/\/etecia.com.br\/wp-content\/uploads\/2019\/09\/biblioteca3-300x225.jpg\" alt=\"\" width=\"300\" height=\"225\" srcset=\"https:\/\/etecia.com.br\/wp-content\/uploads\/2019\/09\/biblioteca3-300x225.jpg 300w, https:\/\/etecia.com.br\/wp-content\/uploads\/2019\/09\/biblioteca3-768x576.jpg 768w, https:\/\/etecia.com.br\/wp-content\/uploads\/2019\/09\/biblioteca3-1024x768.jpg 1024w, https:\/\/etecia.com.br\/wp-content\/uploads\/2019\/09\/biblioteca3-250x188.jpg 250w, https:\/\/etecia.com.br\/wp-content\/uploads\/2019\/09\/biblioteca3.jpg 1280w\" sizes=\"(max-width: 300px) 100vw, 300px\" \/><\/p>\n<p><strong>Hor\u00e1rio de Funcionamento<\/strong><\/p>\n<table>\n<tbody>\n<tr>\n<td width=\"236\"><strong>Dias da semana<\/strong><\/td>\n<td width=\"236\"><strong>Entrada<\/strong><\/td>\n<td width=\"236\"><strong>ALMO\u00c7O<\/strong><\/td>\n<td width=\"236\"><strong>Sa\u00edda<\/strong><\/td>\n<\/tr>\n<tr>\n<td width=\"236\">2\u00aa Feira<\/td>\n<td width=\"236\">11:00<\/td>\n<td width=\"236\">13:30 horas<\/p>\n<p>\u00e0s<\/p>\n<p>14:30 horas<\/td>\n<td width=\"236\">19:50<\/td>\n<\/tr>\n<tr>\n<td width=\"236\">3\u00aa Feira<\/td>\n<td width=\"236\">11:00<\/td>\n<td width=\"236\">13:30 horas<\/p>\n<p>\u00e0s<\/p>\n<p>14:30 horas<\/td>\n<td width=\"236\">19:50<\/td>\n<\/tr>\n<tr>\n<td width=\"236\">4\u00aa Feira<\/td>\n<td width=\"236\">11:00<\/td>\n<td width=\"236\">13:30 horas<\/p>\n<p>\u00e0s<\/p>\n<p>14:00 horas<\/td>\n<td width=\"236\">19:50<\/td>\n<\/tr>\n<tr>\n<td width=\"236\">5\u00aa Feira<\/td>\n<td width=\"236\">08:00<\/td>\n<td width=\"236\">13:30 horas<\/p>\n<p>\u00e0s<\/p>\n<p>14:30 horas<\/td>\n<td width=\"236\">16:30<\/td>\n<\/tr>\n<tr>\n<td width=\"236\">6\u00aa Feira<\/td>\n<td width=\"236\">8:00<\/td>\n<td width=\"236\">13:30 horas<\/p>\n<p>\u00e0s<\/p>\n<p>14:00 horas<\/td>\n<td width=\"236\">16:30<\/td>\n<\/tr>\n<\/tbody>\n<\/table>\n<p><strong>Profissional Respons\u00e1vel:<\/strong> Adriana Machado<\/p>\n","protected":false},"excerpt":{"rendered":"<p>Hor\u00e1rio de Funcionamento Dias da semana Entrada ALMO\u00c7O Sa\u00edda 2\u00aa Feira 11:00 13:30 horas \u00e0s 14:30 horas 19:50 3\u00aa Feira 11:00 13:30 horas \u00e0s 14:30 horas 19:50 4\u00aa Feira 11:00 13:30 horas \u00e0s 14:00 horas 19:50 5\u00aa Feira 08:00 13:30 horas \u00e0s 14:30 horas 16:30 6\u00aa Feira 8:00 13:30 horas \u00e0s 14:00 horas 16:30 Profissional&nbsp;&hellip;<\/p>\n","protected":false},"author":1,"featured_media":0,"parent":0,"menu_order":0,"comment_status":"closed","ping_status":"closed","template":"","meta":[],"_links":{"self":[{"href":"https:\/\/etecia.com.br\/index.php?rest_route=\/wp\/v2\/pages\/2722"}],"collection":[{"href":"https:\/\/etecia.com.br\/index.php?rest_route=\/wp\/v2\/pages"}],"about":[{"href":"https:\/\/etecia.com.br\/index.php?rest_route=\/wp\/v2\/types\/page"}],"author":[{"embeddable":true,"href":"https:\/\/etecia.com.br\/index.php?rest_route=\/wp\/v2\/users\/1"}],"replies":[{"embeddable":true,"href":"https:\/\/etecia.com.br\/index.php?rest_route=%2Fwp%2Fv2%2Fcomments&post=2722"}],"version-history":[{"count":4,"href":"https:\/\/etecia.com.br\/index.php?rest_route=\/wp\/v2\/pages\/2722\/revisions"}],"predecessor-version":[{"id":3806,"href":"https:\/\/etecia.com.br\/index.php?rest_route=\/wp\/v2\/pages\/2722\/revisions\/3806"}],"wp:attachment":[{"href":"https:\/\/etecia.com.br\/index.php?rest_route=%2Fwp%2Fv2%2Fmedia&parent=2722"}],"curies":[{"name":"wp","href":"https:\/\/api.w.org\/{rel}","templated":true}]}}